{"id":74143,"date":"2023-09-08T10:57:09","date_gmt":"2023-09-08T08:57:09","guid":{"rendered":"https:\/\/aktuelles.uni-frankfurt.de\/?post_type=tribe_events&#038;p=74143"},"modified":"2023-09-08T10:57:09","modified_gmt":"2023-09-08T08:57:09","slug":"unter-den-polarlichtern-der-antarktis","status":"publish","type":"tribe_events","link":"https:\/\/aktuelles.uni-frankfurt.de\/en\/event\/unter-den-polarlichtern-der-antarktis\/","title":{"rendered":"Unter den Polarlichtern der Antarktis"},"content":{"rendered":"<p>6 Monate Tag, 6 Monate Nacht, abgeschnitten f\u00fcr 8 Monate von der Au\u00dfenwelt bei Temperaturen bis zu -80\u00b0C. Der Astrophysiker Robert Schwarz verbrachte 15 Winter am geografischen S\u00fcdpol, insgesamt mehr als 13,5 Jahre. In seinem Vortrag berichtet er \u00fcber das Leben und die Arbeit am s\u00fcdlichsten Punkt der Erde. Er gibt Einblicke in den fantastischen S\u00fcdhimmel und zeigt, wieso dieser Kontinent so faszinierend ist.<\/p>\n<p>Der Vortrag beginnt um 20 Uhr. Vor dem Vortrag \u00f6ffnet ab 19 Uhr bei gutem Wetter die Sternwarte. Au\u00dferdem hat ab 19 Uhr das AstroCaf\u00e9 ge\u00f6ffnet, ein offener Treff, wo Sie in lockerer Atmosph\u00e4re ins Gespr\u00e4ch \u00fcber Astronomie, das Universum und den ganzen Rest kommen k\u00f6nnen.<\/p>\n<p>&nbsp;<\/p>\n<p><strong>Referent<\/strong>: Robert Schwarz<\/p>\n<p><strong>Eintritt<\/strong>: Erwachsene: 7 \u20ac, Erm\u00e4\u00dfigt: 5 \u20ac, Mitglieder des Physikalischen Vereins: frei<\/p>\n<p><strong>Ort<\/strong>: Physikalischer Verein \u2013 H\u00f6rsaal, Robert-Mayer-Stra\u00dfe 2, Frankfurt<\/p>\n<p><a href=\"https:\/\/www.physikalischer-verein.de\/vortraege\/astronomie-am-freitag.html\" target=\"_blank\" rel=\"noopener\">Weitere Informationen hier<\/a><\/p>","protected":false},"excerpt":{"rendered":"<p>6 Monate Tag, 6 Monate Nacht, abgeschnitten f\u00fcr 8 Monate von der Au\u00dfenwelt bei Temperaturen bis zu -80\u00b0C. Der Astrophysiker Robert Schwarz verbrachte 15 Winter am geografischen S\u00fcdpol, insgesamt mehr [&hellip;]<\/p>\n","protected":false},"author":24,"featured_media":0,"template":"","meta":{"_eb_attr":"","_price":"","_stock":"","_tribe_ticket_header":"","_tribe_default_ticket_provider":"","_ticket_start_date":"","_ticket_end_date":"","_tribe_ticket_show_description":"","_tribe_ticket_show_not_going":false,"_tribe_ticket_use_global_stock":"","_tribe_ticket_global_stock_level":"","_global_stock_mode":"","_global_stock_cap":"","_tribe_rsvp_for_event":"","_tribe_ticket_going_count":"","_tribe_ticket_not_going_count":"","_tribe_tickets_list":"[]","_tribe_ticket_has_attendee_info_fields":false,"_tribe_events_status":"","_tribe_events_status_reason":"","_tribe_events_is_hybrid":"","_tribe_events_is_virtual":"","_tribe_events_virtual_video_source":"","_tribe_events_virtual_embed_video":"","_tribe_events_virtual_linked_button_text":"","_tribe_events_virtual_linked_button":"","_tribe_events_virtual_show_embed_at":"","_tribe_events_virtual_show_embed_to":[],"_tribe_events_virtual_show_on_event":"","_tribe_events_virtual_show_on_views":"","_tribe_events_virtual_url":"","footnotes":"","_tec_slr_enabled":"","_tec_slr_layout":""},"tags":[],"tribe_events_cat":[114],"class_list":["post-74143","tribe_events","type-tribe_events","status-publish","hentry","tribe_events_cat-vortraege","cat_vortraege"],"yoast_head":"<!-- This site is optimized with the Yoast SEO plugin v27.5 - https:\/\/yoast.com\/product\/yoast-seo-wordpress\/ -->\n<title>Unter den Polarlichtern der Antarktis | Aktuelles aus der Goethe-Universit\u00e4t Frankfurt<\/title>\n<meta name=\"robots\" content=\"index, follow, max-snippet:-1, max-image-preview:large, max-video-preview:-1\" \/>\n<link rel=\"canonical\" href=\"https:\/\/aktuelles.uni-frankfurt.de\/en\/event\/unter-den-polarlichtern-der-antarktis\/\" \/>\n<meta property=\"og:locale\" content=\"en_GB\" \/>\n<meta property=\"og:type\" content=\"article\" \/>\n<meta property=\"og:title\" content=\"Unter den Polarlichtern der Antarktis | Aktuelles aus der Goethe-Universit\u00e4t Frankfurt\" \/>\n<meta property=\"og:description\" content=\"6 Monate Tag, 6 Monate Nacht, abgeschnitten f\u00fcr 8 Monate von der Au\u00dfenwelt bei Temperaturen bis zu -80\u00b0C. Der Astrophysiker Robert Schwarz verbrachte 15 Winter am geografischen S\u00fcdpol, insgesamt mehr [&hellip;]\" \/>\n<meta property=\"og:url\" content=\"https:\/\/aktuelles.uni-frankfurt.de\/en\/event\/unter-den-polarlichtern-der-antarktis\/\" \/>\n<meta property=\"og:site_name\" content=\"Aktuelles aus der Goethe-Universit\u00e4t Frankfurt\" \/>\n<meta name=\"twitter:card\" content=\"summary_large_image\" \/>\n<meta name=\"twitter:label1\" content=\"Estimated reading time\" \/>\n\t<meta name=\"twitter:data1\" content=\"1 minute\" \/>\n<script type=\"application\/ld+json\" class=\"yoast-schema-graph\">{\"@context\":\"https:\\\/\\\/schema.org\",\"@graph\":[{\"@type\":\"WebPage\",\"@id\":\"https:\\\/\\\/aktuelles.uni-frankfurt.de\\\/event\\\/unter-den-polarlichtern-der-antarktis\\\/\",\"url\":\"https:\\\/\\\/aktuelles.uni-frankfurt.de\\\/event\\\/unter-den-polarlichtern-der-antarktis\\\/\",\"name\":\"Unter den Polarlichtern der Antarktis | Aktuelles aus der Goethe-Universit\u00e4t Frankfurt\",\"isPartOf\":{\"@id\":\"https:\\\/\\\/aktuelles.uni-frankfurt.de\\\/#website\"},\"datePublished\":\"2023-09-08T08:57:09+00:00\",\"breadcrumb\":{\"@id\":\"https:\\\/\\\/aktuelles.uni-frankfurt.de\\\/event\\\/unter-den-polarlichtern-der-antarktis\\\/#breadcrumb\"},\"inLanguage\":\"en-GB\",\"potentialAction\":[{\"@type\":\"ReadAction\",\"target\":[\"https:\\\/\\\/aktuelles.uni-frankfurt.de\\\/event\\\/unter-den-polarlichtern-der-antarktis\\\/\"]}]},{\"@type\":\"BreadcrumbList\",\"@id\":\"https:\\\/\\\/aktuelles.uni-frankfurt.de\\\/event\\\/unter-den-polarlichtern-der-antarktis\\\/#breadcrumb\",\"itemListElement\":[{\"@type\":\"ListItem\",\"position\":1,\"name\":\"Startseite\",\"item\":\"https:\\\/\\\/aktuelles.uni-frankfurt.de\\\/\"},{\"@type\":\"ListItem\",\"position\":2,\"name\":\"Veranstaltungen\",\"item\":\"https:\\\/\\\/aktuelles.uni-frankfurt.de\\\/_events\\\/\"},{\"@type\":\"ListItem\",\"position\":3,\"name\":\"Unter den Polarlichtern der Antarktis\"}]},{\"@type\":\"WebSite\",\"@id\":\"https:\\\/\\\/aktuelles.uni-frankfurt.de\\\/#website\",\"url\":\"https:\\\/\\\/aktuelles.uni-frankfurt.de\\\/\",\"name\":\"Aktuelles aus der Goethe-Universit\u00e4t Frankfurt\",\"description\":\"Aktuelles aus der Goethe-Universit\u00e4t | Neues aus Forschung, Lehre, Studium\",\"publisher\":{\"@id\":\"https:\\\/\\\/aktuelles.uni-frankfurt.de\\\/#organization\"},\"potentialAction\":[{\"@type\":\"SearchAction\",\"target\":{\"@type\":\"EntryPoint\",\"urlTemplate\":\"https:\\\/\\\/aktuelles.uni-frankfurt.de\\\/?s={search_term_string}\"},\"query-input\":{\"@type\":\"PropertyValueSpecification\",\"valueRequired\":true,\"valueName\":\"search_term_string\"}}],\"inLanguage\":\"en-GB\"},{\"@type\":\"Organization\",\"@id\":\"https:\\\/\\\/aktuelles.uni-frankfurt.de\\\/#organization\",\"name\":\"Goethe-Universit\u00e4t\",\"url\":\"https:\\\/\\\/aktuelles.uni-frankfurt.de\\\/\",\"logo\":{\"@type\":\"ImageObject\",\"inLanguage\":\"en-GB\",\"@id\":\"https:\\\/\\\/aktuelles.uni-frankfurt.de\\\/#\\\/schema\\\/logo\\\/image\\\/\",\"url\":\"https:\\\/\\\/aktuelles.uni-frankfurt.de\\\/wp-content\\\/uploads\\\/2022\\\/03\\\/800px-Goethe-Logo.png\",\"contentUrl\":\"https:\\\/\\\/aktuelles.uni-frankfurt.de\\\/wp-content\\\/uploads\\\/2022\\\/03\\\/800px-Goethe-Logo.png\",\"width\":800,\"height\":436,\"caption\":\"Goethe-Universit\u00e4t\"},\"image\":{\"@id\":\"https:\\\/\\\/aktuelles.uni-frankfurt.de\\\/#\\\/schema\\\/logo\\\/image\\\/\"}}]}<\/script>\n<!-- \/ Yoast SEO plugin. -->","yoast_head_json":{"title":"Unter den Polarlichtern der Antarktis | Aktuelles aus der Goethe-Universit\u00e4t Frankfurt","robots":{"index":"index","follow":"follow","max-snippet":"max-snippet:-1","max-image-preview":"max-image-preview:large","max-video-preview":"max-video-preview:-1"},"canonical":"https:\/\/aktuelles.uni-frankfurt.de\/en\/event\/unter-den-polarlichtern-der-antarktis\/","og_locale":"en_GB","og_type":"article","og_title":"Unter den Polarlichtern der Antarktis | Aktuelles aus der Goethe-Universit\u00e4t Frankfurt","og_description":"6 Monate Tag, 6 Monate Nacht, abgeschnitten f\u00fcr 8 Monate von der Au\u00dfenwelt bei Temperaturen bis zu -80\u00b0C. Der Astrophysiker Robert Schwarz verbrachte 15 Winter am geografischen S\u00fcdpol, insgesamt mehr [&hellip;]","og_url":"https:\/\/aktuelles.uni-frankfurt.de\/en\/event\/unter-den-polarlichtern-der-antarktis\/","og_site_name":"Aktuelles aus der Goethe-Universit\u00e4t Frankfurt","twitter_card":"summary_large_image","twitter_misc":{"Estimated reading time":"1 minute"},"schema":{"@context":"https:\/\/schema.org","@graph":[{"@type":"WebPage","@id":"https:\/\/aktuelles.uni-frankfurt.de\/event\/unter-den-polarlichtern-der-antarktis\/","url":"https:\/\/aktuelles.uni-frankfurt.de\/event\/unter-den-polarlichtern-der-antarktis\/","name":"Unter den Polarlichtern der Antarktis | Aktuelles aus der Goethe-Universit\u00e4t Frankfurt","isPartOf":{"@id":"https:\/\/aktuelles.uni-frankfurt.de\/#website"},"datePublished":"2023-09-08T08:57:09+00:00","breadcrumb":{"@id":"https:\/\/aktuelles.uni-frankfurt.de\/event\/unter-den-polarlichtern-der-antarktis\/#breadcrumb"},"inLanguage":"en-GB","potentialAction":[{"@type":"ReadAction","target":["https:\/\/aktuelles.uni-frankfurt.de\/event\/unter-den-polarlichtern-der-antarktis\/"]}]},{"@type":"BreadcrumbList","@id":"https:\/\/aktuelles.uni-frankfurt.de\/event\/unter-den-polarlichtern-der-antarktis\/#breadcrumb","itemListElement":[{"@type":"ListItem","position":1,"name":"Startseite","item":"https:\/\/aktuelles.uni-frankfurt.de\/"},{"@type":"ListItem","position":2,"name":"Veranstaltungen","item":"https:\/\/aktuelles.uni-frankfurt.de\/_events\/"},{"@type":"ListItem","position":3,"name":"Unter den Polarlichtern der Antarktis"}]},{"@type":"WebSite","@id":"https:\/\/aktuelles.uni-frankfurt.de\/#website","url":"https:\/\/aktuelles.uni-frankfurt.de\/","name":"Aktuelles aus der Goethe-Universit\u00e4t Frankfurt","description":"Aktuelles aus der Goethe-Universit\u00e4t | Neues aus Forschung, Lehre, Studium","publisher":{"@id":"https:\/\/aktuelles.uni-frankfurt.de\/#organization"},"potentialAction":[{"@type":"SearchAction","target":{"@type":"EntryPoint","urlTemplate":"https:\/\/aktuelles.uni-frankfurt.de\/?s={search_term_string}"},"query-input":{"@type":"PropertyValueSpecification","valueRequired":true,"valueName":"search_term_string"}}],"inLanguage":"en-GB"},{"@type":"Organization","@id":"https:\/\/aktuelles.uni-frankfurt.de\/#organization","name":"Goethe University Frankfurt","url":"https:\/\/aktuelles.uni-frankfurt.de\/","logo":{"@type":"ImageObject","inLanguage":"en-GB","@id":"https:\/\/aktuelles.uni-frankfurt.de\/#\/schema\/logo\/image\/","url":"https:\/\/aktuelles.uni-frankfurt.de\/wp-content\/uploads\/2022\/03\/800px-Goethe-Logo.png","contentUrl":"https:\/\/aktuelles.uni-frankfurt.de\/wp-content\/uploads\/2022\/03\/800px-Goethe-Logo.png","width":800,"height":436,"caption":"Goethe-Universit\u00e4t"},"image":{"@id":"https:\/\/aktuelles.uni-frankfurt.de\/#\/schema\/logo\/image\/"}}]}},"ticketed":false,"_links":{"self":[{"href":"https:\/\/aktuelles.uni-frankfurt.de\/en\/wp-json\/wp\/v2\/tribe_events\/74143","targetHints":{"allow":["GET"]}}],"collection":[{"href":"https:\/\/aktuelles.uni-frankfurt.de\/en\/wp-json\/wp\/v2\/tribe_events"}],"about":[{"href":"https:\/\/aktuelles.uni-frankfurt.de\/en\/wp-json\/wp\/v2\/types\/tribe_events"}],"author":[{"embeddable":true,"href":"https:\/\/aktuelles.uni-frankfurt.de\/en\/wp-json\/wp\/v2\/users\/24"}],"version-history":[{"count":0,"href":"https:\/\/aktuelles.uni-frankfurt.de\/en\/wp-json\/wp\/v2\/tribe_events\/74143\/revisions"}],"wp:attachment":[{"href":"https:\/\/aktuelles.uni-frankfurt.de\/en\/wp-json\/wp\/v2\/media?parent=74143"}],"wp:term":[{"taxonomy":"post_tag","embeddable":true,"href":"https:\/\/aktuelles.uni-frankfurt.de\/en\/wp-json\/wp\/v2\/tags?post=74143"},{"taxonomy":"tribe_events_cat","embeddable":true,"href":"https:\/\/aktuelles.uni-frankfurt.de\/en\/wp-json\/wp\/v2\/tribe_events_cat?post=74143"}],"curies":[{"name":"wp","href":"https:\/\/api.w.org\/{rel}","templated":true}]}}

<p>6 Monate Tag, 6 Monate Nacht, abgeschnitten für 8 Monate von der Außenwelt bei Temperaturen bis zu -80°C. Der Astrophysiker Robert Schwarz verbrachte 15 Winter am geografischen Südpol, insgesamt mehr als 13,5 Jahre. In seinem Vortrag berichtet er über das Leben und die Arbeit am südlichsten Punkt der Erde. Er gibt Einblicke in den fantastischen Südhimmel und zeigt, wieso dieser Kontinent so faszinierend ist.</p>
<p>Der Vortrag beginnt um 20 Uhr. Vor dem Vortrag öffnet ab 19 Uhr bei gutem Wetter die Sternwarte. Außerdem hat ab 19 Uhr das AstroCafé geöffnet, ein offener Treff, wo Sie in lockerer Atmosphäre ins Gespräch über Astronomie, das Universum und den ganzen Rest kommen können.</p>
<p>&nbsp;</p>
<p><strong>Referent</strong>: Robert Schwarz</p>
<p><strong>Eintritt</strong>: Erwachsene: 7 €, Ermäßigt: 5 €, Mitglieder des Physikalischen Vereins: frei</p>
<p><strong>Ort</strong>: Physikalischer Verein – Hörsaal, Robert-Mayer-Straße 2, Frankfurt</p>
<p><a href="https://www.physikalischer-verein.de/vortraege/astronomie-am-freitag.html" target="_blank" rel="noopener">Weitere Informationen hier</a></p>

<p>6 Monate Tag, 6 Monate Nacht, abgeschnitten für 8 Monate von der Außenwelt bei Temperaturen bis zu -80°C. Der Astrophysiker Robert Schwarz verbrachte 15 Winter am geografischen Südpol, insgesamt mehr [&hellip;]</p>

<!-- This site is optimized with the Yoast SEO plugin v27.5 - https://yoast.com/product/yoast-seo-wordpress/ -->
<title>Unter den Polarlichtern der Antarktis | Aktuelles aus der Goethe-Universität Frankfurt</title>
<meta name="robots" content="index, follow, max-snippet:-1, max-image-preview:large, max-video-preview:-1" />
<link rel="canonical" href="https://aktuelles.uni-frankfurt.de/en/event/unter-den-polarlichtern-der-antarktis/" />
<meta property="og:locale" content="en_GB" />
<meta property="og:type" content="article" />
<meta property="og:title" content="Unter den Polarlichtern der Antarktis | Aktuelles aus der Goethe-Universität Frankfurt" />
<meta property="og:description" content="6 Monate Tag, 6 Monate Nacht, abgeschnitten für 8 Monate von der Außenwelt bei Temperaturen bis zu -80°C. Der Astrophysiker Robert Schwarz verbrachte 15 Winter am geografischen Südpol, insgesamt mehr [&hellip;]" />
<meta property="og:url" content="https://aktuelles.uni-frankfurt.de/en/event/unter-den-polarlichtern-der-antarktis/" />
<meta property="og:site_name" content="Aktuelles aus der Goethe-Universität Frankfurt" />
<meta name="twitter:card" content="summary_large_image" />
<meta name="twitter:label1" content="Estimated reading time" />
	<meta name="twitter:data1" content="1 minute" />
<script type="application/ld+json" class="yoast-schema-graph">{"@context":"https:\/\/schema.org","@graph":[{"@type":"WebPage","@id":"https:\/\/aktuelles.uni-frankfurt.de\/event\/unter-den-polarlichtern-der-antarktis\/","url":"https:\/\/aktuelles.uni-frankfurt.de\/event\/unter-den-polarlichtern-der-antarktis\/","name":"Unter den Polarlichtern der Antarktis | Aktuelles aus der Goethe-Universität Frankfurt","isPartOf":{"@id":"https:\/\/aktuelles.uni-frankfurt.de\/#website"},"datePublished":"2023-09-08T08:57:09+00:00","breadcrumb":{"@id":"https:\/\/aktuelles.uni-frankfurt.de\/event\/unter-den-polarlichtern-der-antarktis\/#breadcrumb"},"inLanguage":"en-GB","potentialAction":[{"@type":"ReadAction","target":["https:\/\/aktuelles.uni-frankfurt.de\/event\/unter-den-polarlichtern-der-antarktis\/"]}]},{"@type":"BreadcrumbList","@id":"https:\/\/aktuelles.uni-frankfurt.de\/event\/unter-den-polarlichtern-der-antarktis\/#breadcrumb","itemListElement":[{"@type":"ListItem","position":1,"name":"Startseite","item":"https:\/\/aktuelles.uni-frankfurt.de\/"},{"@type":"ListItem","position":2,"name":"Veranstaltungen","item":"https:\/\/aktuelles.uni-frankfurt.de\/_events\/"},{"@type":"ListItem","position":3,"name":"Unter den Polarlichtern der Antarktis"}]},{"@type":"WebSite","@id":"https:\/\/aktuelles.uni-frankfurt.de\/#website","url":"https:\/\/aktuelles.uni-frankfurt.de\/","name":"Aktuelles aus der Goethe-Universität Frankfurt","description":"Aktuelles aus der Goethe-Universität | Neues aus Forschung, Lehre, Studium","publisher":{"@id":"https:\/\/aktuelles.uni-frankfurt.de\/#organization"},"potentialAction":[{"@type":"SearchAction","target":{"@type":"EntryPoint","urlTemplate":"https:\/\/aktuelles.uni-frankfurt.de\/?s={search_term_string}"},"query-input":{"@type":"PropertyValueSpecification","valueRequired":true,"valueName":"search_term_string"}}],"inLanguage":"en-GB"},{"@type":"Organization","@id":"https:\/\/aktuelles.uni-frankfurt.de\/#organization","name":"Goethe-Universität","url":"https:\/\/aktuelles.uni-frankfurt.de\/","logo":{"@type":"ImageObject","inLanguage":"en-GB","@id":"https:\/\/aktuelles.uni-frankfurt.de\/#\/schema\/logo\/image\/","url":"https:\/\/aktuelles.uni-frankfurt.de\/wp-content\/uploads\/2022\/03\/800px-Goethe-Logo.png","contentUrl":"https:\/\/aktuelles.uni-frankfurt.de\/wp-content\/uploads\/2022\/03\/800px-Goethe-Logo.png","width":800,"height":436,"caption":"Goethe-Universität"},"image":{"@id":"https:\/\/aktuelles.uni-frankfurt.de\/#\/schema\/logo\/image\/"}}]}</script>
<!-- / Yoast SEO plugin. -->

Unter den Polarlichtern der Antarktis | Aktuelles aus der Goethe-Universität Frankfurt

6 Monate Tag, 6 Monate Nacht, abgeschnitten für 8 Monate von der Außenwelt bei Temperaturen bis zu -80°C. Der Astrophysiker Robert Schwarz verbrachte 15 Winter am geografischen Südpol, insgesamt mehr [&hellip;]

Aktuelles aus der Goethe-Universität Frankfurt

Aktuelles aus der Goethe-Universität | Neues aus Forschung, Lehre, Studium

Goethe-Universität
