{"id":75026,"date":"2023-09-29T14:02:30","date_gmt":"2023-09-29T12:02:30","guid":{"rendered":"https:\/\/aktuelles.uni-frankfurt.de\/?post_type=tribe_events&#038;p=75026"},"modified":"2023-09-29T14:02:30","modified_gmt":"2023-09-29T12:02:30","slug":"herzverdickung-was-steckt-dahinter","status":"publish","type":"tribe_events","link":"https:\/\/aktuelles.uni-frankfurt.de\/en\/event\/herzverdickung-was-steckt-dahinter\/","title":{"rendered":"\u201eHerzverdickung \u2013 was steckt dahinter?\u201c"},"content":{"rendered":"<p>Nach einem Herzinfarkt kommt es h\u00e4ufig zu einer Ausd\u00fcnnung der Herzw\u00e4nde, begleitet von einer Abnahme der Pumpfunktion des Herzens, auch als Herzschw\u00e4che bekannt. Doch auch eine Verdickung der Herzw\u00e4nde kann erhebliche Folgen haben, vor allem wenn sie nicht fr\u00fchzeitig behandelt wird. Anders als bei Leistungssportlern, bei denen vergr\u00f6\u00dferte Herzw\u00e4nde als normal anzusehen sind, stellt eine Vergr\u00f6\u00dferung der Herzw\u00e4nde, medizinisch als Herzhypertrophie bezeichnet, in anderen Zusammenh\u00e4ngen eine ernst zu nehmende Krankheit dar. Es wird gesch\u00e4tzt, dass diese Krankheit oft nicht erkannt oder \u00fcbersehen wird.<\/p>\n<p>&nbsp;<\/p>\n<p><strong>6. Februar 2024<\/strong><br \/>\nPrivatdozentin Dr. Maria Papathanasiou<br \/>\n<em>Herzverdickung \u2013 was steckt dahinter?<\/em><\/p>\n<p>\u2026\u2026\u2026\u2026\u2026\u2026\u2026\u2026\u2026\u2026\u2026\u2026\u2026\u2026\u2026\u2026\u2026..<\/p>\n<p><strong>18 Uhr<\/strong><br \/>\nUniversit\u00e4tsklinikum Frankfurt, Haus 22, H\u00f6rsaal 22-1,<br \/>\nTheodor-Stern-Kai 7<\/p>\n<p><em>Veranstalter<\/em><br \/>\n\u00dcberregionales Herzinsuffizienz-Zentrum, Universit\u00e4tsklinikum<br \/>\nFrankfurt, Med. Klinik III \u2013 Kardiologie, Angiologie<\/p>","protected":false},"excerpt":{"rendered":"<p>Nach einem Herzinfarkt kommt es h\u00e4ufig zu einer Ausd\u00fcnnung der Herzw\u00e4nde, begleitet von einer Abnahme der Pumpfunktion des Herzens, auch als Herzschw\u00e4che bekannt. Doch auch eine Verdickung der Herzw\u00e4nde kann [&hellip;]<\/p>\n","protected":false},"author":24,"featured_media":0,"template":"","meta":{"_eb_attr":"","_price":"","_stock":"","_tribe_ticket_header":"","_tribe_default_ticket_provider":"","_ticket_start_date":"","_ticket_end_date":"","_tribe_ticket_show_description":"","_tribe_ticket_show_not_going":false,"_tribe_ticket_use_global_stock":"","_tribe_ticket_global_stock_level":"","_global_stock_mode":"","_global_stock_cap":"","_tribe_rsvp_for_event":"","_tribe_ticket_going_count":"","_tribe_ticket_not_going_count":"","_tribe_tickets_list":"[]","_tribe_ticket_has_attendee_info_fields":false,"_tribe_events_status":"","_tribe_events_status_reason":"","_tribe_events_is_hybrid":"","_tribe_events_is_virtual":"","_tribe_events_virtual_video_source":"","_tribe_events_virtual_embed_video":"","_tribe_events_virtual_linked_button_text":"","_tribe_events_virtual_linked_button":"","_tribe_events_virtual_show_embed_at":"","_tribe_events_virtual_show_embed_to":[],"_tribe_events_virtual_show_on_event":"","_tribe_events_virtual_show_on_views":"","_tribe_events_virtual_url":"","footnotes":"","_tec_slr_enabled":"","_tec_slr_layout":""},"tags":[],"tribe_events_cat":[114],"class_list":["post-75026","tribe_events","type-tribe_events","status-publish","hentry","tribe_events_cat-vortraege","cat_vortraege"],"yoast_head":"<!-- This site is optimized with the Yoast SEO plugin v27.5 - https:\/\/yoast.com\/product\/yoast-seo-wordpress\/ -->\n<title>\u201eHerzverdickung \u2013 was steckt dahinter?\u201c | Aktuelles aus der Goethe-Universit\u00e4t Frankfurt<\/title>\n<meta name=\"robots\" content=\"index, follow, max-snippet:-1, max-image-preview:large, max-video-preview:-1\" \/>\n<link rel=\"canonical\" href=\"https:\/\/aktuelles.uni-frankfurt.de\/en\/event\/herzverdickung-was-steckt-dahinter\/\" \/>\n<meta property=\"og:locale\" content=\"en_GB\" \/>\n<meta property=\"og:type\" content=\"article\" \/>\n<meta property=\"og:title\" content=\"\u201eHerzverdickung \u2013 was steckt dahinter?\u201c | Aktuelles aus der Goethe-Universit\u00e4t Frankfurt\" \/>\n<meta property=\"og:description\" content=\"Nach einem Herzinfarkt kommt es h\u00e4ufig zu einer Ausd\u00fcnnung der Herzw\u00e4nde, begleitet von einer Abnahme der Pumpfunktion des Herzens, auch als Herzschw\u00e4che bekannt. Doch auch eine Verdickung der Herzw\u00e4nde kann [&hellip;]\" \/>\n<meta property=\"og:url\" content=\"https:\/\/aktuelles.uni-frankfurt.de\/en\/event\/herzverdickung-was-steckt-dahinter\/\" \/>\n<meta property=\"og:site_name\" content=\"Aktuelles aus der Goethe-Universit\u00e4t Frankfurt\" \/>\n<meta name=\"twitter:card\" content=\"summary_large_image\" \/>\n<meta name=\"twitter:label1\" content=\"Estimated reading time\" \/>\n\t<meta name=\"twitter:data1\" content=\"1 minute\" \/>\n<script type=\"application\/ld+json\" class=\"yoast-schema-graph\">{\"@context\":\"https:\\\/\\\/schema.org\",\"@graph\":[{\"@type\":\"WebPage\",\"@id\":\"https:\\\/\\\/aktuelles.uni-frankfurt.de\\\/event\\\/herzverdickung-was-steckt-dahinter\\\/\",\"url\":\"https:\\\/\\\/aktuelles.uni-frankfurt.de\\\/event\\\/herzverdickung-was-steckt-dahinter\\\/\",\"name\":\"\u201eHerzverdickung \u2013 was steckt dahinter?\u201c | Aktuelles aus der Goethe-Universit\u00e4t Frankfurt\",\"isPartOf\":{\"@id\":\"https:\\\/\\\/aktuelles.uni-frankfurt.de\\\/#website\"},\"datePublished\":\"2023-09-29T12:02:30+00:00\",\"breadcrumb\":{\"@id\":\"https:\\\/\\\/aktuelles.uni-frankfurt.de\\\/event\\\/herzverdickung-was-steckt-dahinter\\\/#breadcrumb\"},\"inLanguage\":\"en-GB\",\"potentialAction\":[{\"@type\":\"ReadAction\",\"target\":[\"https:\\\/\\\/aktuelles.uni-frankfurt.de\\\/event\\\/herzverdickung-was-steckt-dahinter\\\/\"]}]},{\"@type\":\"BreadcrumbList\",\"@id\":\"https:\\\/\\\/aktuelles.uni-frankfurt.de\\\/event\\\/herzverdickung-was-steckt-dahinter\\\/#breadcrumb\",\"itemListElement\":[{\"@type\":\"ListItem\",\"position\":1,\"name\":\"Startseite\",\"item\":\"https:\\\/\\\/aktuelles.uni-frankfurt.de\\\/\"},{\"@type\":\"ListItem\",\"position\":2,\"name\":\"Veranstaltungen\",\"item\":\"https:\\\/\\\/aktuelles.uni-frankfurt.de\\\/_events\\\/\"},{\"@type\":\"ListItem\",\"position\":3,\"name\":\"\u201eHerzverdickung \u2013 was steckt dahinter?\u201c\"}]},{\"@type\":\"WebSite\",\"@id\":\"https:\\\/\\\/aktuelles.uni-frankfurt.de\\\/#website\",\"url\":\"https:\\\/\\\/aktuelles.uni-frankfurt.de\\\/\",\"name\":\"Aktuelles aus der Goethe-Universit\u00e4t Frankfurt\",\"description\":\"Aktuelles aus der Goethe-Universit\u00e4t | Neues aus Forschung, Lehre, Studium\",\"publisher\":{\"@id\":\"https:\\\/\\\/aktuelles.uni-frankfurt.de\\\/#organization\"},\"potentialAction\":[{\"@type\":\"SearchAction\",\"target\":{\"@type\":\"EntryPoint\",\"urlTemplate\":\"https:\\\/\\\/aktuelles.uni-frankfurt.de\\\/?s={search_term_string}\"},\"query-input\":{\"@type\":\"PropertyValueSpecification\",\"valueRequired\":true,\"valueName\":\"search_term_string\"}}],\"inLanguage\":\"en-GB\"},{\"@type\":\"Organization\",\"@id\":\"https:\\\/\\\/aktuelles.uni-frankfurt.de\\\/#organization\",\"name\":\"Goethe-Universit\u00e4t\",\"url\":\"https:\\\/\\\/aktuelles.uni-frankfurt.de\\\/\",\"logo\":{\"@type\":\"ImageObject\",\"inLanguage\":\"en-GB\",\"@id\":\"https:\\\/\\\/aktuelles.uni-frankfurt.de\\\/#\\\/schema\\\/logo\\\/image\\\/\",\"url\":\"https:\\\/\\\/aktuelles.uni-frankfurt.de\\\/wp-content\\\/uploads\\\/2022\\\/03\\\/800px-Goethe-Logo.png\",\"contentUrl\":\"https:\\\/\\\/aktuelles.uni-frankfurt.de\\\/wp-content\\\/uploads\\\/2022\\\/03\\\/800px-Goethe-Logo.png\",\"width\":800,\"height\":436,\"caption\":\"Goethe-Universit\u00e4t\"},\"image\":{\"@id\":\"https:\\\/\\\/aktuelles.uni-frankfurt.de\\\/#\\\/schema\\\/logo\\\/image\\\/\"}}]}<\/script>\n<!-- \/ Yoast SEO plugin. -->","yoast_head_json":{"title":"\u201eHerzverdickung \u2013 was steckt dahinter?\u201c | Aktuelles aus der Goethe-Universit\u00e4t Frankfurt","robots":{"index":"index","follow":"follow","max-snippet":"max-snippet:-1","max-image-preview":"max-image-preview:large","max-video-preview":"max-video-preview:-1"},"canonical":"https:\/\/aktuelles.uni-frankfurt.de\/en\/event\/herzverdickung-was-steckt-dahinter\/","og_locale":"en_GB","og_type":"article","og_title":"\u201eHerzverdickung \u2013 was steckt dahinter?\u201c | Aktuelles aus der Goethe-Universit\u00e4t Frankfurt","og_description":"Nach einem Herzinfarkt kommt es h\u00e4ufig zu einer Ausd\u00fcnnung der Herzw\u00e4nde, begleitet von einer Abnahme der Pumpfunktion des Herzens, auch als Herzschw\u00e4che bekannt. Doch auch eine Verdickung der Herzw\u00e4nde kann [&hellip;]","og_url":"https:\/\/aktuelles.uni-frankfurt.de\/en\/event\/herzverdickung-was-steckt-dahinter\/","og_site_name":"Aktuelles aus der Goethe-Universit\u00e4t Frankfurt","twitter_card":"summary_large_image","twitter_misc":{"Estimated reading time":"1 minute"},"schema":{"@context":"https:\/\/schema.org","@graph":[{"@type":"WebPage","@id":"https:\/\/aktuelles.uni-frankfurt.de\/event\/herzverdickung-was-steckt-dahinter\/","url":"https:\/\/aktuelles.uni-frankfurt.de\/event\/herzverdickung-was-steckt-dahinter\/","name":"\u201eHerzverdickung \u2013 was steckt dahinter?\u201c | Aktuelles aus der Goethe-Universit\u00e4t Frankfurt","isPartOf":{"@id":"https:\/\/aktuelles.uni-frankfurt.de\/#website"},"datePublished":"2023-09-29T12:02:30+00:00","breadcrumb":{"@id":"https:\/\/aktuelles.uni-frankfurt.de\/event\/herzverdickung-was-steckt-dahinter\/#breadcrumb"},"inLanguage":"en-GB","potentialAction":[{"@type":"ReadAction","target":["https:\/\/aktuelles.uni-frankfurt.de\/event\/herzverdickung-was-steckt-dahinter\/"]}]},{"@type":"BreadcrumbList","@id":"https:\/\/aktuelles.uni-frankfurt.de\/event\/herzverdickung-was-steckt-dahinter\/#breadcrumb","itemListElement":[{"@type":"ListItem","position":1,"name":"Startseite","item":"https:\/\/aktuelles.uni-frankfurt.de\/"},{"@type":"ListItem","position":2,"name":"Veranstaltungen","item":"https:\/\/aktuelles.uni-frankfurt.de\/_events\/"},{"@type":"ListItem","position":3,"name":"\u201eHerzverdickung \u2013 was steckt dahinter?\u201c"}]},{"@type":"WebSite","@id":"https:\/\/aktuelles.uni-frankfurt.de\/#website","url":"https:\/\/aktuelles.uni-frankfurt.de\/","name":"Aktuelles aus der Goethe-Universit\u00e4t Frankfurt","description":"Aktuelles aus der Goethe-Universit\u00e4t | Neues aus Forschung, Lehre, Studium","publisher":{"@id":"https:\/\/aktuelles.uni-frankfurt.de\/#organization"},"potentialAction":[{"@type":"SearchAction","target":{"@type":"EntryPoint","urlTemplate":"https:\/\/aktuelles.uni-frankfurt.de\/?s={search_term_string}"},"query-input":{"@type":"PropertyValueSpecification","valueRequired":true,"valueName":"search_term_string"}}],"inLanguage":"en-GB"},{"@type":"Organization","@id":"https:\/\/aktuelles.uni-frankfurt.de\/#organization","name":"Goethe University Frankfurt","url":"https:\/\/aktuelles.uni-frankfurt.de\/","logo":{"@type":"ImageObject","inLanguage":"en-GB","@id":"https:\/\/aktuelles.uni-frankfurt.de\/#\/schema\/logo\/image\/","url":"https:\/\/aktuelles.uni-frankfurt.de\/wp-content\/uploads\/2022\/03\/800px-Goethe-Logo.png","contentUrl":"https:\/\/aktuelles.uni-frankfurt.de\/wp-content\/uploads\/2022\/03\/800px-Goethe-Logo.png","width":800,"height":436,"caption":"Goethe-Universit\u00e4t"},"image":{"@id":"https:\/\/aktuelles.uni-frankfurt.de\/#\/schema\/logo\/image\/"}}]}},"ticketed":false,"_links":{"self":[{"href":"https:\/\/aktuelles.uni-frankfurt.de\/en\/wp-json\/wp\/v2\/tribe_events\/75026","targetHints":{"allow":["GET"]}}],"collection":[{"href":"https:\/\/aktuelles.uni-frankfurt.de\/en\/wp-json\/wp\/v2\/tribe_events"}],"about":[{"href":"https:\/\/aktuelles.uni-frankfurt.de\/en\/wp-json\/wp\/v2\/types\/tribe_events"}],"author":[{"embeddable":true,"href":"https:\/\/aktuelles.uni-frankfurt.de\/en\/wp-json\/wp\/v2\/users\/24"}],"version-history":[{"count":0,"href":"https:\/\/aktuelles.uni-frankfurt.de\/en\/wp-json\/wp\/v2\/tribe_events\/75026\/revisions"}],"wp:attachment":[{"href":"https:\/\/aktuelles.uni-frankfurt.de\/en\/wp-json\/wp\/v2\/media?parent=75026"}],"wp:term":[{"taxonomy":"post_tag","embeddable":true,"href":"https:\/\/aktuelles.uni-frankfurt.de\/en\/wp-json\/wp\/v2\/tags?post=75026"},{"taxonomy":"tribe_events_cat","embeddable":true,"href":"https:\/\/aktuelles.uni-frankfurt.de\/en\/wp-json\/wp\/v2\/tribe_events_cat?post=75026"}],"curies":[{"name":"wp","href":"https:\/\/api.w.org\/{rel}","templated":true}]}}

<p>Nach einem Herzinfarkt kommt es häufig zu einer Ausdünnung der Herzwände, begleitet von einer Abnahme der Pumpfunktion des Herzens, auch als Herzschwäche bekannt. Doch auch eine Verdickung der Herzwände kann erhebliche Folgen haben, vor allem wenn sie nicht frühzeitig behandelt wird. Anders als bei Leistungssportlern, bei denen vergrößerte Herzwände als normal anzusehen sind, stellt eine Vergrößerung der Herzwände, medizinisch als Herzhypertrophie bezeichnet, in anderen Zusammenhängen eine ernst zu nehmende Krankheit dar. Es wird geschätzt, dass diese Krankheit oft nicht erkannt oder übersehen wird.</p>
<p>&nbsp;</p>
<p><strong>6. Februar 2024</strong><br />
Privatdozentin Dr. Maria Papathanasiou<br />
<em>Herzverdickung – was steckt dahinter?</em></p>
<p>……………………………………………..</p>
<p><strong>18 Uhr</strong><br />
Universitätsklinikum Frankfurt, Haus 22, Hörsaal 22-1,<br />
Theodor-Stern-Kai 7</p>
<p><em>Veranstalter</em><br />
Überregionales Herzinsuffizienz-Zentrum, Universitätsklinikum<br />
Frankfurt, Med. Klinik III – Kardiologie, Angiologie</p>

<p>Nach einem Herzinfarkt kommt es häufig zu einer Ausdünnung der Herzwände, begleitet von einer Abnahme der Pumpfunktion des Herzens, auch als Herzschwäche bekannt. Doch auch eine Verdickung der Herzwände kann [&hellip;]</p>

<!-- This site is optimized with the Yoast SEO plugin v27.5 - https://yoast.com/product/yoast-seo-wordpress/ -->
<title>„Herzverdickung – was steckt dahinter?“ | Aktuelles aus der Goethe-Universität Frankfurt</title>
<meta name="robots" content="index, follow, max-snippet:-1, max-image-preview:large, max-video-preview:-1" />
<link rel="canonical" href="https://aktuelles.uni-frankfurt.de/en/event/herzverdickung-was-steckt-dahinter/" />
<meta property="og:locale" content="en_GB" />
<meta property="og:type" content="article" />
<meta property="og:title" content="„Herzverdickung – was steckt dahinter?“ | Aktuelles aus der Goethe-Universität Frankfurt" />
<meta property="og:description" content="Nach einem Herzinfarkt kommt es häufig zu einer Ausdünnung der Herzwände, begleitet von einer Abnahme der Pumpfunktion des Herzens, auch als Herzschwäche bekannt. Doch auch eine Verdickung der Herzwände kann [&hellip;]" />
<meta property="og:url" content="https://aktuelles.uni-frankfurt.de/en/event/herzverdickung-was-steckt-dahinter/" />
<meta property="og:site_name" content="Aktuelles aus der Goethe-Universität Frankfurt" />
<meta name="twitter:card" content="summary_large_image" />
<meta name="twitter:label1" content="Estimated reading time" />
	<meta name="twitter:data1" content="1 minute" />
<script type="application/ld+json" class="yoast-schema-graph">{"@context":"https:\/\/schema.org","@graph":[{"@type":"WebPage","@id":"https:\/\/aktuelles.uni-frankfurt.de\/event\/herzverdickung-was-steckt-dahinter\/","url":"https:\/\/aktuelles.uni-frankfurt.de\/event\/herzverdickung-was-steckt-dahinter\/","name":"„Herzverdickung – was steckt dahinter?“ | Aktuelles aus der Goethe-Universität Frankfurt","isPartOf":{"@id":"https:\/\/aktuelles.uni-frankfurt.de\/#website"},"datePublished":"2023-09-29T12:02:30+00:00","breadcrumb":{"@id":"https:\/\/aktuelles.uni-frankfurt.de\/event\/herzverdickung-was-steckt-dahinter\/#breadcrumb"},"inLanguage":"en-GB","potentialAction":[{"@type":"ReadAction","target":["https:\/\/aktuelles.uni-frankfurt.de\/event\/herzverdickung-was-steckt-dahinter\/"]}]},{"@type":"BreadcrumbList","@id":"https:\/\/aktuelles.uni-frankfurt.de\/event\/herzverdickung-was-steckt-dahinter\/#breadcrumb","itemListElement":[{"@type":"ListItem","position":1,"name":"Startseite","item":"https:\/\/aktuelles.uni-frankfurt.de\/"},{"@type":"ListItem","position":2,"name":"Veranstaltungen","item":"https:\/\/aktuelles.uni-frankfurt.de\/_events\/"},{"@type":"ListItem","position":3,"name":"„Herzverdickung – was steckt dahinter?“"}]},{"@type":"WebSite","@id":"https:\/\/aktuelles.uni-frankfurt.de\/#website","url":"https:\/\/aktuelles.uni-frankfurt.de\/","name":"Aktuelles aus der Goethe-Universität Frankfurt","description":"Aktuelles aus der Goethe-Universität | Neues aus Forschung, Lehre, Studium","publisher":{"@id":"https:\/\/aktuelles.uni-frankfurt.de\/#organization"},"potentialAction":[{"@type":"SearchAction","target":{"@type":"EntryPoint","urlTemplate":"https:\/\/aktuelles.uni-frankfurt.de\/?s={search_term_string}"},"query-input":{"@type":"PropertyValueSpecification","valueRequired":true,"valueName":"search_term_string"}}],"inLanguage":"en-GB"},{"@type":"Organization","@id":"https:\/\/aktuelles.uni-frankfurt.de\/#organization","name":"Goethe-Universität","url":"https:\/\/aktuelles.uni-frankfurt.de\/","logo":{"@type":"ImageObject","inLanguage":"en-GB","@id":"https:\/\/aktuelles.uni-frankfurt.de\/#\/schema\/logo\/image\/","url":"https:\/\/aktuelles.uni-frankfurt.de\/wp-content\/uploads\/2022\/03\/800px-Goethe-Logo.png","contentUrl":"https:\/\/aktuelles.uni-frankfurt.de\/wp-content\/uploads\/2022\/03\/800px-Goethe-Logo.png","width":800,"height":436,"caption":"Goethe-Universität"},"image":{"@id":"https:\/\/aktuelles.uni-frankfurt.de\/#\/schema\/logo\/image\/"}}]}</script>
<!-- / Yoast SEO plugin. -->

„Herzverdickung – was steckt dahinter?“ | Aktuelles aus der Goethe-Universität Frankfurt

Nach einem Herzinfarkt kommt es häufig zu einer Ausdünnung der Herzwände, begleitet von einer Abnahme der Pumpfunktion des Herzens, auch als Herzschwäche bekannt. Doch auch eine Verdickung der Herzwände kann [&hellip;]

Aktuelles aus der Goethe-Universität Frankfurt

Aktuelles aus der Goethe-Universität | Neues aus Forschung, Lehre, Studium

Goethe-Universität
