{"id":84020,"date":"2025-05-15T16:51:42","date_gmt":"2025-05-15T14:51:42","guid":{"rendered":"https:\/\/aktuelles.uni-frankfurt.de\/?post_type=tribe_events&#038;p=84020"},"modified":"2025-05-15T16:51:42","modified_gmt":"2025-05-15T14:51:42","slug":"vegetation-in-fugen-und-mauerritzen-das-kleine-oft-uebersehene-stadtgruen","status":"publish","type":"tribe_events","link":"https:\/\/aktuelles.uni-frankfurt.de\/en\/event\/vegetation-in-fugen-und-mauerritzen-das-kleine-oft-uebersehene-stadtgruen\/","title":{"rendered":"Vegetation in Fugen und Mauerritzen \u2013 Das kleine, oft \u00fcbersehene Stadtgr\u00fcn"},"content":{"rendered":"<p>Sie werden oft als l\u00e4stiges Unkraut angesehen, dabei weisen kleine Pflanzen zwischen Pflastersteinen oder in Mauerritzen oft erstaunliche Eigenschaften auf. Durch diese schaffen sie es, winzige urbane Lebensr\u00e4ume zu besiedeln und den unterschiedlichen Belastungen an diesen Orten zu trotzen. Vom 16.-25.05.2025 schenken viele Aktionen im Rahmen der <em>#Krautschau<\/em> diesem kleinen Stadtgr\u00fcn ihre Aufmerksamkeit. So auch wir: auf unserem kurzen Feierabend-Spaziergang entlang des Mains lernen wir einige typische Pflanzenarten der Fugen- und Mauerritzenvegetation in Frankfurt kennen. Zudem schauen wir uns die besonderen Eigenschaften der Pflanzen sowie ihrer Standorte an.<\/p>\n<p><strong>Leitung: Dr. Pia Eibes<\/strong><br \/>\nPia Eibes ist Geo\u00f6kologin und forscht zu Pflanzen an besonderen Standorten. Sie arbeitet als wissenschaftliche Mitarbeiterin am Institut f\u00fcr Physische Geographie der Goethe-Universit\u00e4t Frankfurt a.M.<\/p>\n<p><strong>Zeit:<\/strong> 17.00 bis ca. 19.00 Uhr<br \/>\n<strong>Abfahrt \/ Treffpunkt:<\/strong> Vor dem Bootshaus des Frankfurter Kanu-Vereins (Schaumainkai 90, Frankfurt Sachsenhausen; n\u00e4chste Stra\u00dfenbahnhaltestelle: Stresemannallee\/Gartenstra\u00dfe)<br \/>\n<strong>R\u00fcckkehr:<\/strong> ca. 19 Uhr. Unser Spaziergang endet nahe der Dreik\u00f6nigskirche am Main.<br \/>\n<strong>Kosten:<\/strong> -*<br \/>\n<strong>Mindest- \/ H\u00f6chstteilnehmerzahl:<\/strong> 8 \/ 20 Personen<\/p>\n<p><strong>Veranstalter<\/strong><br \/>\nFrankfurter Geographische Gesellschaft e.V.<\/p>","protected":false},"excerpt":{"rendered":"<p>Sie werden oft als l\u00e4stiges Unkraut angesehen, dabei weisen kleine Pflanzen zwischen Pflastersteinen oder in Mauerritzen oft erstaunliche Eigenschaften auf. Durch diese schaffen sie es, winzige urbane Lebensr\u00e4ume zu besiedeln [&hellip;]<\/p>\n","protected":false},"author":37,"featured_media":0,"template":"","meta":{"_eb_attr":"","_price":"","_stock":"","_tribe_ticket_header":"","_tribe_default_ticket_provider":"","_ticket_start_date":"","_ticket_end_date":"","_tribe_ticket_show_description":"","_tribe_ticket_show_not_going":false,"_tribe_ticket_use_global_stock":"","_tribe_ticket_global_stock_level":"","_global_stock_mode":"","_global_stock_cap":"","_tribe_rsvp_for_event":"","_tribe_ticket_going_count":"","_tribe_ticket_not_going_count":"","_tribe_tickets_list":"[]","_tribe_ticket_has_attendee_info_fields":false,"_tribe_events_status":"","_tribe_events_status_reason":"","_tribe_events_is_hybrid":"","_tribe_events_is_virtual":"","_tribe_events_virtual_video_source":"","_tribe_events_virtual_embed_video":"","_tribe_events_virtual_linked_button_text":"","_tribe_events_virtual_linked_button":"","_tribe_events_virtual_show_embed_at":"","_tribe_events_virtual_show_embed_to":[],"_tribe_events_virtual_show_on_event":"","_tribe_events_virtual_show_on_views":"","_tribe_events_virtual_url":"","footnotes":"","_tec_slr_enabled":"","_tec_slr_layout":""},"tags":[],"tribe_events_cat":[128,120],"class_list":["post-84020","tribe_events","type-tribe_events","status-publish","hentry","tribe_events_cat-exkursionen","tribe_events_cat-fuehrungen","cat_exkursionen","cat_fuehrungen"],"yoast_head":"<!-- This site is optimized with the Yoast SEO plugin v27.5 - https:\/\/yoast.com\/product\/yoast-seo-wordpress\/ -->\n<title>Vegetation in Fugen und Mauerritzen \u2013 Das kleine, oft \u00fcbersehene Stadtgr\u00fcn | Aktuelles aus der Goethe-Universit\u00e4t Frankfurt<\/title>\n<meta name=\"robots\" content=\"index, follow, max-snippet:-1, max-image-preview:large, max-video-preview:-1\" \/>\n<link rel=\"canonical\" href=\"https:\/\/aktuelles.uni-frankfurt.de\/en\/event\/vegetation-in-fugen-und-mauerritzen-das-kleine-oft-uebersehene-stadtgruen\/\" \/>\n<meta property=\"og:locale\" content=\"en_GB\" \/>\n<meta property=\"og:type\" content=\"article\" \/>\n<meta property=\"og:title\" content=\"Vegetation in Fugen und Mauerritzen \u2013 Das kleine, oft \u00fcbersehene Stadtgr\u00fcn | Aktuelles aus der Goethe-Universit\u00e4t Frankfurt\" \/>\n<meta property=\"og:description\" content=\"Sie werden oft als l\u00e4stiges Unkraut angesehen, dabei weisen kleine Pflanzen zwischen Pflastersteinen oder in Mauerritzen oft erstaunliche Eigenschaften auf. Durch diese schaffen sie es, winzige urbane Lebensr\u00e4ume zu besiedeln [&hellip;]\" \/>\n<meta property=\"og:url\" content=\"https:\/\/aktuelles.uni-frankfurt.de\/en\/event\/vegetation-in-fugen-und-mauerritzen-das-kleine-oft-uebersehene-stadtgruen\/\" \/>\n<meta property=\"og:site_name\" content=\"Aktuelles aus der Goethe-Universit\u00e4t Frankfurt\" \/>\n<meta name=\"twitter:card\" content=\"summary_large_image\" \/>\n<meta name=\"twitter:label1\" content=\"Estimated reading time\" \/>\n\t<meta name=\"twitter:data1\" content=\"1 minute\" \/>\n<script type=\"application\/ld+json\" class=\"yoast-schema-graph\">{\"@context\":\"https:\\\/\\\/schema.org\",\"@graph\":[{\"@type\":\"WebPage\",\"@id\":\"https:\\\/\\\/aktuelles.uni-frankfurt.de\\\/event\\\/vegetation-in-fugen-und-mauerritzen-das-kleine-oft-uebersehene-stadtgruen\\\/\",\"url\":\"https:\\\/\\\/aktuelles.uni-frankfurt.de\\\/event\\\/vegetation-in-fugen-und-mauerritzen-das-kleine-oft-uebersehene-stadtgruen\\\/\",\"name\":\"Vegetation in Fugen und Mauerritzen \u2013 Das kleine, oft \u00fcbersehene Stadtgr\u00fcn | Aktuelles aus der Goethe-Universit\u00e4t Frankfurt\",\"isPartOf\":{\"@id\":\"https:\\\/\\\/aktuelles.uni-frankfurt.de\\\/#website\"},\"datePublished\":\"2025-05-15T14:51:42+00:00\",\"breadcrumb\":{\"@id\":\"https:\\\/\\\/aktuelles.uni-frankfurt.de\\\/event\\\/vegetation-in-fugen-und-mauerritzen-das-kleine-oft-uebersehene-stadtgruen\\\/#breadcrumb\"},\"inLanguage\":\"en-GB\",\"potentialAction\":[{\"@type\":\"ReadAction\",\"target\":[\"https:\\\/\\\/aktuelles.uni-frankfurt.de\\\/event\\\/vegetation-in-fugen-und-mauerritzen-das-kleine-oft-uebersehene-stadtgruen\\\/\"]}]},{\"@type\":\"BreadcrumbList\",\"@id\":\"https:\\\/\\\/aktuelles.uni-frankfurt.de\\\/event\\\/vegetation-in-fugen-und-mauerritzen-das-kleine-oft-uebersehene-stadtgruen\\\/#breadcrumb\",\"itemListElement\":[{\"@type\":\"ListItem\",\"position\":1,\"name\":\"Startseite\",\"item\":\"https:\\\/\\\/aktuelles.uni-frankfurt.de\\\/\"},{\"@type\":\"ListItem\",\"position\":2,\"name\":\"Veranstaltungen\",\"item\":\"https:\\\/\\\/aktuelles.uni-frankfurt.de\\\/_events\\\/\"},{\"@type\":\"ListItem\",\"position\":3,\"name\":\"Vegetation in Fugen und Mauerritzen \u2013 Das kleine, oft \u00fcbersehene Stadtgr\u00fcn\"}]},{\"@type\":\"WebSite\",\"@id\":\"https:\\\/\\\/aktuelles.uni-frankfurt.de\\\/#website\",\"url\":\"https:\\\/\\\/aktuelles.uni-frankfurt.de\\\/\",\"name\":\"Aktuelles aus der Goethe-Universit\u00e4t Frankfurt\",\"description\":\"Aktuelles aus der Goethe-Universit\u00e4t | Neues aus Forschung, Lehre, Studium\",\"publisher\":{\"@id\":\"https:\\\/\\\/aktuelles.uni-frankfurt.de\\\/#organization\"},\"potentialAction\":[{\"@type\":\"SearchAction\",\"target\":{\"@type\":\"EntryPoint\",\"urlTemplate\":\"https:\\\/\\\/aktuelles.uni-frankfurt.de\\\/?s={search_term_string}\"},\"query-input\":{\"@type\":\"PropertyValueSpecification\",\"valueRequired\":true,\"valueName\":\"search_term_string\"}}],\"inLanguage\":\"en-GB\"},{\"@type\":\"Organization\",\"@id\":\"https:\\\/\\\/aktuelles.uni-frankfurt.de\\\/#organization\",\"name\":\"Goethe-Universit\u00e4t\",\"url\":\"https:\\\/\\\/aktuelles.uni-frankfurt.de\\\/\",\"logo\":{\"@type\":\"ImageObject\",\"inLanguage\":\"en-GB\",\"@id\":\"https:\\\/\\\/aktuelles.uni-frankfurt.de\\\/#\\\/schema\\\/logo\\\/image\\\/\",\"url\":\"https:\\\/\\\/aktuelles.uni-frankfurt.de\\\/wp-content\\\/uploads\\\/2022\\\/03\\\/800px-Goethe-Logo.png\",\"contentUrl\":\"https:\\\/\\\/aktuelles.uni-frankfurt.de\\\/wp-content\\\/uploads\\\/2022\\\/03\\\/800px-Goethe-Logo.png\",\"width\":800,\"height\":436,\"caption\":\"Goethe-Universit\u00e4t\"},\"image\":{\"@id\":\"https:\\\/\\\/aktuelles.uni-frankfurt.de\\\/#\\\/schema\\\/logo\\\/image\\\/\"}}]}<\/script>\n<!-- \/ Yoast SEO plugin. -->","yoast_head_json":{"title":"Vegetation in Fugen und Mauerritzen \u2013 Das kleine, oft \u00fcbersehene Stadtgr\u00fcn | Aktuelles aus der Goethe-Universit\u00e4t Frankfurt","robots":{"index":"index","follow":"follow","max-snippet":"max-snippet:-1","max-image-preview":"max-image-preview:large","max-video-preview":"max-video-preview:-1"},"canonical":"https:\/\/aktuelles.uni-frankfurt.de\/en\/event\/vegetation-in-fugen-und-mauerritzen-das-kleine-oft-uebersehene-stadtgruen\/","og_locale":"en_GB","og_type":"article","og_title":"Vegetation in Fugen und Mauerritzen \u2013 Das kleine, oft \u00fcbersehene Stadtgr\u00fcn | Aktuelles aus der Goethe-Universit\u00e4t Frankfurt","og_description":"Sie werden oft als l\u00e4stiges Unkraut angesehen, dabei weisen kleine Pflanzen zwischen Pflastersteinen oder in Mauerritzen oft erstaunliche Eigenschaften auf. Durch diese schaffen sie es, winzige urbane Lebensr\u00e4ume zu besiedeln [&hellip;]","og_url":"https:\/\/aktuelles.uni-frankfurt.de\/en\/event\/vegetation-in-fugen-und-mauerritzen-das-kleine-oft-uebersehene-stadtgruen\/","og_site_name":"Aktuelles aus der Goethe-Universit\u00e4t Frankfurt","twitter_card":"summary_large_image","twitter_misc":{"Estimated reading time":"1 minute"},"schema":{"@context":"https:\/\/schema.org","@graph":[{"@type":"WebPage","@id":"https:\/\/aktuelles.uni-frankfurt.de\/event\/vegetation-in-fugen-und-mauerritzen-das-kleine-oft-uebersehene-stadtgruen\/","url":"https:\/\/aktuelles.uni-frankfurt.de\/event\/vegetation-in-fugen-und-mauerritzen-das-kleine-oft-uebersehene-stadtgruen\/","name":"Vegetation in Fugen und Mauerritzen \u2013 Das kleine, oft \u00fcbersehene Stadtgr\u00fcn | Aktuelles aus der Goethe-Universit\u00e4t Frankfurt","isPartOf":{"@id":"https:\/\/aktuelles.uni-frankfurt.de\/#website"},"datePublished":"2025-05-15T14:51:42+00:00","breadcrumb":{"@id":"https:\/\/aktuelles.uni-frankfurt.de\/event\/vegetation-in-fugen-und-mauerritzen-das-kleine-oft-uebersehene-stadtgruen\/#breadcrumb"},"inLanguage":"en-GB","potentialAction":[{"@type":"ReadAction","target":["https:\/\/aktuelles.uni-frankfurt.de\/event\/vegetation-in-fugen-und-mauerritzen-das-kleine-oft-uebersehene-stadtgruen\/"]}]},{"@type":"BreadcrumbList","@id":"https:\/\/aktuelles.uni-frankfurt.de\/event\/vegetation-in-fugen-und-mauerritzen-das-kleine-oft-uebersehene-stadtgruen\/#breadcrumb","itemListElement":[{"@type":"ListItem","position":1,"name":"Startseite","item":"https:\/\/aktuelles.uni-frankfurt.de\/"},{"@type":"ListItem","position":2,"name":"Veranstaltungen","item":"https:\/\/aktuelles.uni-frankfurt.de\/_events\/"},{"@type":"ListItem","position":3,"name":"Vegetation in Fugen und Mauerritzen \u2013 Das kleine, oft \u00fcbersehene Stadtgr\u00fcn"}]},{"@type":"WebSite","@id":"https:\/\/aktuelles.uni-frankfurt.de\/#website","url":"https:\/\/aktuelles.uni-frankfurt.de\/","name":"Aktuelles aus der Goethe-Universit\u00e4t Frankfurt","description":"Aktuelles aus der Goethe-Universit\u00e4t | Neues aus Forschung, Lehre, Studium","publisher":{"@id":"https:\/\/aktuelles.uni-frankfurt.de\/#organization"},"potentialAction":[{"@type":"SearchAction","target":{"@type":"EntryPoint","urlTemplate":"https:\/\/aktuelles.uni-frankfurt.de\/?s={search_term_string}"},"query-input":{"@type":"PropertyValueSpecification","valueRequired":true,"valueName":"search_term_string"}}],"inLanguage":"en-GB"},{"@type":"Organization","@id":"https:\/\/aktuelles.uni-frankfurt.de\/#organization","name":"Goethe University Frankfurt","url":"https:\/\/aktuelles.uni-frankfurt.de\/","logo":{"@type":"ImageObject","inLanguage":"en-GB","@id":"https:\/\/aktuelles.uni-frankfurt.de\/#\/schema\/logo\/image\/","url":"https:\/\/aktuelles.uni-frankfurt.de\/wp-content\/uploads\/2022\/03\/800px-Goethe-Logo.png","contentUrl":"https:\/\/aktuelles.uni-frankfurt.de\/wp-content\/uploads\/2022\/03\/800px-Goethe-Logo.png","width":800,"height":436,"caption":"Goethe-Universit\u00e4t"},"image":{"@id":"https:\/\/aktuelles.uni-frankfurt.de\/#\/schema\/logo\/image\/"}}]}},"ticketed":false,"_links":{"self":[{"href":"https:\/\/aktuelles.uni-frankfurt.de\/en\/wp-json\/wp\/v2\/tribe_events\/84020","targetHints":{"allow":["GET"]}}],"collection":[{"href":"https:\/\/aktuelles.uni-frankfurt.de\/en\/wp-json\/wp\/v2\/tribe_events"}],"about":[{"href":"https:\/\/aktuelles.uni-frankfurt.de\/en\/wp-json\/wp\/v2\/types\/tribe_events"}],"author":[{"embeddable":true,"href":"https:\/\/aktuelles.uni-frankfurt.de\/en\/wp-json\/wp\/v2\/users\/37"}],"version-history":[{"count":0,"href":"https:\/\/aktuelles.uni-frankfurt.de\/en\/wp-json\/wp\/v2\/tribe_events\/84020\/revisions"}],"wp:attachment":[{"href":"https:\/\/aktuelles.uni-frankfurt.de\/en\/wp-json\/wp\/v2\/media?parent=84020"}],"wp:term":[{"taxonomy":"post_tag","embeddable":true,"href":"https:\/\/aktuelles.uni-frankfurt.de\/en\/wp-json\/wp\/v2\/tags?post=84020"},{"taxonomy":"tribe_events_cat","embeddable":true,"href":"https:\/\/aktuelles.uni-frankfurt.de\/en\/wp-json\/wp\/v2\/tribe_events_cat?post=84020"}],"curies":[{"name":"wp","href":"https:\/\/api.w.org\/{rel}","templated":true}]}}

Vegetation in Fugen und Mauerritzen – Das kleine, oft übersehene Stadtgrün

<p>Sie werden oft als lästiges Unkraut angesehen, dabei weisen kleine Pflanzen zwischen Pflastersteinen oder in Mauerritzen oft erstaunliche Eigenschaften auf. Durch diese schaffen sie es, winzige urbane Lebensräume zu besiedeln und den unterschiedlichen Belastungen an diesen Orten zu trotzen. Vom 16.-25.05.2025 schenken viele Aktionen im Rahmen der <em>#Krautschau</em> diesem kleinen Stadtgrün ihre Aufmerksamkeit. So auch wir: auf unserem kurzen Feierabend-Spaziergang entlang des Mains lernen wir einige typische Pflanzenarten der Fugen- und Mauerritzenvegetation in Frankfurt kennen. Zudem schauen wir uns die besonderen Eigenschaften der Pflanzen sowie ihrer Standorte an.</p>
<p><strong>Leitung: Dr. Pia Eibes</strong><br />
Pia Eibes ist Geoökologin und forscht zu Pflanzen an besonderen Standorten. Sie arbeitet als wissenschaftliche Mitarbeiterin am Institut für Physische Geographie der Goethe-Universität Frankfurt a.M.</p>
<p><strong>Zeit:</strong> 17.00 bis ca. 19.00 Uhr<br />
<strong>Abfahrt / Treffpunkt:</strong> Vor dem Bootshaus des Frankfurter Kanu-Vereins (Schaumainkai 90, Frankfurt Sachsenhausen; nächste Straßenbahnhaltestelle: Stresemannallee/Gartenstraße)<br />
<strong>Rückkehr:</strong> ca. 19 Uhr. Unser Spaziergang endet nahe der Dreikönigskirche am Main.<br />
<strong>Kosten:</strong> -*<br />
<strong>Mindest- / Höchstteilnehmerzahl:</strong> 8 / 20 Personen</p>
<p><strong>Veranstalter</strong><br />
Frankfurter Geographische Gesellschaft e.V.</p>

<p>Sie werden oft als lästiges Unkraut angesehen, dabei weisen kleine Pflanzen zwischen Pflastersteinen oder in Mauerritzen oft erstaunliche Eigenschaften auf. Durch diese schaffen sie es, winzige urbane Lebensräume zu besiedeln [&hellip;]</p>

<!-- This site is optimized with the Yoast SEO plugin v27.5 - https://yoast.com/product/yoast-seo-wordpress/ -->
<title>Vegetation in Fugen und Mauerritzen – Das kleine, oft übersehene Stadtgrün | Aktuelles aus der Goethe-Universität Frankfurt</title>
<meta name="robots" content="index, follow, max-snippet:-1, max-image-preview:large, max-video-preview:-1" />
<link rel="canonical" href="https://aktuelles.uni-frankfurt.de/en/event/vegetation-in-fugen-und-mauerritzen-das-kleine-oft-uebersehene-stadtgruen/" />
<meta property="og:locale" content="en_GB" />
<meta property="og:type" content="article" />
<meta property="og:title" content="Vegetation in Fugen und Mauerritzen – Das kleine, oft übersehene Stadtgrün | Aktuelles aus der Goethe-Universität Frankfurt" />
<meta property="og:description" content="Sie werden oft als lästiges Unkraut angesehen, dabei weisen kleine Pflanzen zwischen Pflastersteinen oder in Mauerritzen oft erstaunliche Eigenschaften auf. Durch diese schaffen sie es, winzige urbane Lebensräume zu besiedeln [&hellip;]" />
<meta property="og:url" content="https://aktuelles.uni-frankfurt.de/en/event/vegetation-in-fugen-und-mauerritzen-das-kleine-oft-uebersehene-stadtgruen/" />
<meta property="og:site_name" content="Aktuelles aus der Goethe-Universität Frankfurt" />
<meta name="twitter:card" content="summary_large_image" />
<meta name="twitter:label1" content="Estimated reading time" />
	<meta name="twitter:data1" content="1 minute" />
<script type="application/ld+json" class="yoast-schema-graph">{"@context":"https:\/\/schema.org","@graph":[{"@type":"WebPage","@id":"https:\/\/aktuelles.uni-frankfurt.de\/event\/vegetation-in-fugen-und-mauerritzen-das-kleine-oft-uebersehene-stadtgruen\/","url":"https:\/\/aktuelles.uni-frankfurt.de\/event\/vegetation-in-fugen-und-mauerritzen-das-kleine-oft-uebersehene-stadtgruen\/","name":"Vegetation in Fugen und Mauerritzen – Das kleine, oft übersehene Stadtgrün | Aktuelles aus der Goethe-Universität Frankfurt","isPartOf":{"@id":"https:\/\/aktuelles.uni-frankfurt.de\/#website"},"datePublished":"2025-05-15T14:51:42+00:00","breadcrumb":{"@id":"https:\/\/aktuelles.uni-frankfurt.de\/event\/vegetation-in-fugen-und-mauerritzen-das-kleine-oft-uebersehene-stadtgruen\/#breadcrumb"},"inLanguage":"en-GB","potentialAction":[{"@type":"ReadAction","target":["https:\/\/aktuelles.uni-frankfurt.de\/event\/vegetation-in-fugen-und-mauerritzen-das-kleine-oft-uebersehene-stadtgruen\/"]}]},{"@type":"BreadcrumbList","@id":"https:\/\/aktuelles.uni-frankfurt.de\/event\/vegetation-in-fugen-und-mauerritzen-das-kleine-oft-uebersehene-stadtgruen\/#breadcrumb","itemListElement":[{"@type":"ListItem","position":1,"name":"Startseite","item":"https:\/\/aktuelles.uni-frankfurt.de\/"},{"@type":"ListItem","position":2,"name":"Veranstaltungen","item":"https:\/\/aktuelles.uni-frankfurt.de\/_events\/"},{"@type":"ListItem","position":3,"name":"Vegetation in Fugen und Mauerritzen – Das kleine, oft übersehene Stadtgrün"}]},{"@type":"WebSite","@id":"https:\/\/aktuelles.uni-frankfurt.de\/#website","url":"https:\/\/aktuelles.uni-frankfurt.de\/","name":"Aktuelles aus der Goethe-Universität Frankfurt","description":"Aktuelles aus der Goethe-Universität | Neues aus Forschung, Lehre, Studium","publisher":{"@id":"https:\/\/aktuelles.uni-frankfurt.de\/#organization"},"potentialAction":[{"@type":"SearchAction","target":{"@type":"EntryPoint","urlTemplate":"https:\/\/aktuelles.uni-frankfurt.de\/?s={search_term_string}"},"query-input":{"@type":"PropertyValueSpecification","valueRequired":true,"valueName":"search_term_string"}}],"inLanguage":"en-GB"},{"@type":"Organization","@id":"https:\/\/aktuelles.uni-frankfurt.de\/#organization","name":"Goethe-Universität","url":"https:\/\/aktuelles.uni-frankfurt.de\/","logo":{"@type":"ImageObject","inLanguage":"en-GB","@id":"https:\/\/aktuelles.uni-frankfurt.de\/#\/schema\/logo\/image\/","url":"https:\/\/aktuelles.uni-frankfurt.de\/wp-content\/uploads\/2022\/03\/800px-Goethe-Logo.png","contentUrl":"https:\/\/aktuelles.uni-frankfurt.de\/wp-content\/uploads\/2022\/03\/800px-Goethe-Logo.png","width":800,"height":436,"caption":"Goethe-Universität"},"image":{"@id":"https:\/\/aktuelles.uni-frankfurt.de\/#\/schema\/logo\/image\/"}}]}</script>
<!-- / Yoast SEO plugin. -->

Vegetation in Fugen und Mauerritzen – Das kleine, oft übersehene Stadtgrün | Aktuelles aus der Goethe-Universität Frankfurt

Sie werden oft als lästiges Unkraut angesehen, dabei weisen kleine Pflanzen zwischen Pflastersteinen oder in Mauerritzen oft erstaunliche Eigenschaften auf. Durch diese schaffen sie es, winzige urbane Lebensräume zu besiedeln [&hellip;]

Aktuelles aus der Goethe-Universität Frankfurt

Aktuelles aus der Goethe-Universität | Neues aus Forschung, Lehre, Studium

Goethe-Universität
