{"id":87135,"date":"2026-01-19T15:22:45","date_gmt":"2026-01-19T14:22:45","guid":{"rendered":"https:\/\/aktuelles.uni-frankfurt.de\/?post_type=tribe_events&#038;p=87135"},"modified":"2026-01-19T15:22:45","modified_gmt":"2026-01-19T14:22:45","slug":"filmvorstellung-die-leere-mitte","status":"publish","type":"tribe_events","link":"https:\/\/aktuelles.uni-frankfurt.de\/en\/event\/filmvorstellung-die-leere-mitte\/","title":{"rendered":"Filmvorstellung: Die leere Mitte"},"content":{"rendered":"<p><strong>Die leere Mitte<br \/>\n<\/strong>Deutschland 1998. Regie: Hito Steyerl. 62 Min. digital<br \/>\n<strong>Vorfilm: EZB<\/strong> (DE 2012. Regie: Sabine Sch\u00f6bel)<\/p>\n<p><strong>Filmreihe: Unsicheres Terrain? Blicke in verschwindende Landschaften<\/strong><br \/>\n<strong>Einf\u00fchrung: Johanna Fieberling<\/strong><\/p>\n<p>\u00dcber acht Jahre hinweg verfolgt Hito Steyerl die nach der Wende brachliegende Mitte Berlins und entfaltet ein dichtes Geflecht urbaner und politischer Transformationen von 1743 bis 1998. In \u00dcberblendungen aus Archivmaterial, Kommentar und Gegenwartsbildern \u00fcberlagern sich Kolonialgeschichte, Migration, Architekturpolitik, Ausgrenzung und Gewalt. Sichtbar wird, wie sich Machtverh\u00e4ltnisse r\u00e4umlich in die gebaute Umwelt einschreiben \u2013 und dass rassistische \u00dcbergriffe und fremdenfeindliche Politik Teil einer bis heute wirksamen Kontinuit\u00e4t sind.<\/p>\n<p><em>Die Reihe \u201cUnsicheres Terrain? Blicke in verschwindende Landschaften\u201d begleitet die <a href=\"https:\/\/www.mggu.de\/ausstellungen\/solastalgie\/\" target=\"_blank\" rel=\"noopener\">Ausstellung \u201cSolastalgie. Spazierg\u00e4nge durch ver\u00e4nderte Landschaften\u201d des Museum Giersch der Goethe-Universit\u00e4t<\/a>. Sie ist eine Kooperation des Masterstudiengangs \u201eFilmkultur: Archivierung, Programmierung, Pr\u00e4sentation\u201c, des MGGU und des DFF \u2013 Deutsches Filminstitut und Filmmuseum.<\/em><\/p>\n<p>&nbsp;<\/p>\n<p><strong>Ort: <\/strong>Kino des DFF \u2013 Deutsches Filminstitut &amp; Filmmuseum<\/p>\n<p><strong>Anmeldung erforderlich? <\/strong>Nein<\/p>\n<p><a href=\"http:\/\/dff.film\/besuch\/\" target=\"_blank\" rel=\"noopener\">Weitere Informationen auf der Seite des DFF \u2192<\/a><\/p>","protected":false},"excerpt":{"rendered":"<p>Die leere Mitte Deutschland 1998. Regie: Hito Steyerl. 62 Min. digital Vorfilm: EZB (DE 2012. Regie: Sabine Sch\u00f6bel) Filmreihe: Unsicheres Terrain? Blicke in verschwindende Landschaften Einf\u00fchrung: Johanna Fieberling \u00dcber acht [&hellip;]<\/p>\n","protected":false},"author":38,"featured_media":0,"template":"","meta":{"_eb_attr":"","_price":"","_stock":"","_tribe_ticket_header":"","_tribe_default_ticket_provider":"","_ticket_start_date":"","_ticket_end_date":"","_tribe_ticket_show_description":"","_tribe_ticket_show_not_going":false,"_tribe_ticket_use_global_stock":"","_tribe_ticket_global_stock_level":"","_global_stock_mode":"","_global_stock_cap":"","_tribe_rsvp_for_event":"","_tribe_ticket_going_count":"","_tribe_ticket_not_going_count":"","_tribe_tickets_list":"[]","_tribe_ticket_has_attendee_info_fields":false,"_tribe_events_status":"","_tribe_events_status_reason":"","_tribe_events_is_hybrid":"","_tribe_events_is_virtual":"","_tribe_events_virtual_video_source":"","_tribe_events_virtual_embed_video":"","_tribe_events_virtual_linked_button_text":"","_tribe_events_virtual_linked_button":"","_tribe_events_virtual_show_embed_at":"","_tribe_events_virtual_show_embed_to":[],"_tribe_events_virtual_show_on_event":"","_tribe_events_virtual_show_on_views":"","_tribe_events_virtual_url":"","footnotes":"","_tec_slr_enabled":"","_tec_slr_layout":""},"tags":[],"tribe_events_cat":[124],"class_list":["post-87135","tribe_events","type-tribe_events","status-publish","hentry","tribe_events_cat-filme","cat_filme"],"yoast_head":"<!-- This site is optimized with the Yoast SEO plugin v27.5 - https:\/\/yoast.com\/product\/yoast-seo-wordpress\/ -->\n<title>Filmvorstellung: Die leere Mitte | Aktuelles aus der Goethe-Universit\u00e4t Frankfurt<\/title>\n<meta name=\"robots\" content=\"index, follow, max-snippet:-1, max-image-preview:large, max-video-preview:-1\" \/>\n<link rel=\"canonical\" href=\"https:\/\/aktuelles.uni-frankfurt.de\/en\/event\/filmvorstellung-die-leere-mitte\/\" \/>\n<meta property=\"og:locale\" content=\"en_GB\" \/>\n<meta property=\"og:type\" content=\"article\" \/>\n<meta property=\"og:title\" content=\"Filmvorstellung: Die leere Mitte | Aktuelles aus der Goethe-Universit\u00e4t Frankfurt\" \/>\n<meta property=\"og:description\" content=\"Die leere Mitte Deutschland 1998. Regie: Hito Steyerl. 62 Min. digital Vorfilm: EZB (DE 2012. Regie: Sabine Sch\u00f6bel) Filmreihe: Unsicheres Terrain? Blicke in verschwindende Landschaften Einf\u00fchrung: Johanna Fieberling \u00dcber acht [&hellip;]\" \/>\n<meta property=\"og:url\" content=\"https:\/\/aktuelles.uni-frankfurt.de\/en\/event\/filmvorstellung-die-leere-mitte\/\" \/>\n<meta property=\"og:site_name\" content=\"Aktuelles aus der Goethe-Universit\u00e4t Frankfurt\" \/>\n<meta name=\"twitter:card\" content=\"summary_large_image\" \/>\n<meta name=\"twitter:label1\" content=\"Estimated reading time\" \/>\n\t<meta name=\"twitter:data1\" content=\"1 minute\" \/>\n<script type=\"application\/ld+json\" class=\"yoast-schema-graph\">{\"@context\":\"https:\\\/\\\/schema.org\",\"@graph\":[{\"@type\":\"WebPage\",\"@id\":\"https:\\\/\\\/aktuelles.uni-frankfurt.de\\\/event\\\/filmvorstellung-die-leere-mitte\\\/\",\"url\":\"https:\\\/\\\/aktuelles.uni-frankfurt.de\\\/event\\\/filmvorstellung-die-leere-mitte\\\/\",\"name\":\"Filmvorstellung: Die leere Mitte | Aktuelles aus der Goethe-Universit\u00e4t Frankfurt\",\"isPartOf\":{\"@id\":\"https:\\\/\\\/aktuelles.uni-frankfurt.de\\\/#website\"},\"datePublished\":\"2026-01-19T14:22:45+00:00\",\"breadcrumb\":{\"@id\":\"https:\\\/\\\/aktuelles.uni-frankfurt.de\\\/event\\\/filmvorstellung-die-leere-mitte\\\/#breadcrumb\"},\"inLanguage\":\"en-GB\",\"potentialAction\":[{\"@type\":\"ReadAction\",\"target\":[\"https:\\\/\\\/aktuelles.uni-frankfurt.de\\\/event\\\/filmvorstellung-die-leere-mitte\\\/\"]}]},{\"@type\":\"BreadcrumbList\",\"@id\":\"https:\\\/\\\/aktuelles.uni-frankfurt.de\\\/event\\\/filmvorstellung-die-leere-mitte\\\/#breadcrumb\",\"itemListElement\":[{\"@type\":\"ListItem\",\"position\":1,\"name\":\"Startseite\",\"item\":\"https:\\\/\\\/aktuelles.uni-frankfurt.de\\\/\"},{\"@type\":\"ListItem\",\"position\":2,\"name\":\"Veranstaltungen\",\"item\":\"https:\\\/\\\/aktuelles.uni-frankfurt.de\\\/_events\\\/\"},{\"@type\":\"ListItem\",\"position\":3,\"name\":\"Filmvorstellung: Die leere Mitte\"}]},{\"@type\":\"WebSite\",\"@id\":\"https:\\\/\\\/aktuelles.uni-frankfurt.de\\\/#website\",\"url\":\"https:\\\/\\\/aktuelles.uni-frankfurt.de\\\/\",\"name\":\"Aktuelles aus der Goethe-Universit\u00e4t Frankfurt\",\"description\":\"Aktuelles aus der Goethe-Universit\u00e4t | Neues aus Forschung, Lehre, Studium\",\"publisher\":{\"@id\":\"https:\\\/\\\/aktuelles.uni-frankfurt.de\\\/#organization\"},\"potentialAction\":[{\"@type\":\"SearchAction\",\"target\":{\"@type\":\"EntryPoint\",\"urlTemplate\":\"https:\\\/\\\/aktuelles.uni-frankfurt.de\\\/?s={search_term_string}\"},\"query-input\":{\"@type\":\"PropertyValueSpecification\",\"valueRequired\":true,\"valueName\":\"search_term_string\"}}],\"inLanguage\":\"en-GB\"},{\"@type\":\"Organization\",\"@id\":\"https:\\\/\\\/aktuelles.uni-frankfurt.de\\\/#organization\",\"name\":\"Goethe-Universit\u00e4t\",\"url\":\"https:\\\/\\\/aktuelles.uni-frankfurt.de\\\/\",\"logo\":{\"@type\":\"ImageObject\",\"inLanguage\":\"en-GB\",\"@id\":\"https:\\\/\\\/aktuelles.uni-frankfurt.de\\\/#\\\/schema\\\/logo\\\/image\\\/\",\"url\":\"https:\\\/\\\/aktuelles.uni-frankfurt.de\\\/wp-content\\\/uploads\\\/2022\\\/03\\\/800px-Goethe-Logo.png\",\"contentUrl\":\"https:\\\/\\\/aktuelles.uni-frankfurt.de\\\/wp-content\\\/uploads\\\/2022\\\/03\\\/800px-Goethe-Logo.png\",\"width\":800,\"height\":436,\"caption\":\"Goethe-Universit\u00e4t\"},\"image\":{\"@id\":\"https:\\\/\\\/aktuelles.uni-frankfurt.de\\\/#\\\/schema\\\/logo\\\/image\\\/\"}}]}<\/script>\n<!-- \/ Yoast SEO plugin. -->","yoast_head_json":{"title":"Filmvorstellung: Die leere Mitte | Aktuelles aus der Goethe-Universit\u00e4t Frankfurt","robots":{"index":"index","follow":"follow","max-snippet":"max-snippet:-1","max-image-preview":"max-image-preview:large","max-video-preview":"max-video-preview:-1"},"canonical":"https:\/\/aktuelles.uni-frankfurt.de\/en\/event\/filmvorstellung-die-leere-mitte\/","og_locale":"en_GB","og_type":"article","og_title":"Filmvorstellung: Die leere Mitte | Aktuelles aus der Goethe-Universit\u00e4t Frankfurt","og_description":"Die leere Mitte Deutschland 1998. Regie: Hito Steyerl. 62 Min. digital Vorfilm: EZB (DE 2012. Regie: Sabine Sch\u00f6bel) Filmreihe: Unsicheres Terrain? Blicke in verschwindende Landschaften Einf\u00fchrung: Johanna Fieberling \u00dcber acht [&hellip;]","og_url":"https:\/\/aktuelles.uni-frankfurt.de\/en\/event\/filmvorstellung-die-leere-mitte\/","og_site_name":"Aktuelles aus der Goethe-Universit\u00e4t Frankfurt","twitter_card":"summary_large_image","twitter_misc":{"Estimated reading time":"1 minute"},"schema":{"@context":"https:\/\/schema.org","@graph":[{"@type":"WebPage","@id":"https:\/\/aktuelles.uni-frankfurt.de\/event\/filmvorstellung-die-leere-mitte\/","url":"https:\/\/aktuelles.uni-frankfurt.de\/event\/filmvorstellung-die-leere-mitte\/","name":"Filmvorstellung: Die leere Mitte | Aktuelles aus der Goethe-Universit\u00e4t Frankfurt","isPartOf":{"@id":"https:\/\/aktuelles.uni-frankfurt.de\/#website"},"datePublished":"2026-01-19T14:22:45+00:00","breadcrumb":{"@id":"https:\/\/aktuelles.uni-frankfurt.de\/event\/filmvorstellung-die-leere-mitte\/#breadcrumb"},"inLanguage":"en-GB","potentialAction":[{"@type":"ReadAction","target":["https:\/\/aktuelles.uni-frankfurt.de\/event\/filmvorstellung-die-leere-mitte\/"]}]},{"@type":"BreadcrumbList","@id":"https:\/\/aktuelles.uni-frankfurt.de\/event\/filmvorstellung-die-leere-mitte\/#breadcrumb","itemListElement":[{"@type":"ListItem","position":1,"name":"Startseite","item":"https:\/\/aktuelles.uni-frankfurt.de\/"},{"@type":"ListItem","position":2,"name":"Veranstaltungen","item":"https:\/\/aktuelles.uni-frankfurt.de\/_events\/"},{"@type":"ListItem","position":3,"name":"Filmvorstellung: Die leere Mitte"}]},{"@type":"WebSite","@id":"https:\/\/aktuelles.uni-frankfurt.de\/#website","url":"https:\/\/aktuelles.uni-frankfurt.de\/","name":"Aktuelles aus der Goethe-Universit\u00e4t Frankfurt","description":"Aktuelles aus der Goethe-Universit\u00e4t | Neues aus Forschung, Lehre, Studium","publisher":{"@id":"https:\/\/aktuelles.uni-frankfurt.de\/#organization"},"potentialAction":[{"@type":"SearchAction","target":{"@type":"EntryPoint","urlTemplate":"https:\/\/aktuelles.uni-frankfurt.de\/?s={search_term_string}"},"query-input":{"@type":"PropertyValueSpecification","valueRequired":true,"valueName":"search_term_string"}}],"inLanguage":"en-GB"},{"@type":"Organization","@id":"https:\/\/aktuelles.uni-frankfurt.de\/#organization","name":"Goethe University Frankfurt","url":"https:\/\/aktuelles.uni-frankfurt.de\/","logo":{"@type":"ImageObject","inLanguage":"en-GB","@id":"https:\/\/aktuelles.uni-frankfurt.de\/#\/schema\/logo\/image\/","url":"https:\/\/aktuelles.uni-frankfurt.de\/wp-content\/uploads\/2022\/03\/800px-Goethe-Logo.png","contentUrl":"https:\/\/aktuelles.uni-frankfurt.de\/wp-content\/uploads\/2022\/03\/800px-Goethe-Logo.png","width":800,"height":436,"caption":"Goethe-Universit\u00e4t"},"image":{"@id":"https:\/\/aktuelles.uni-frankfurt.de\/#\/schema\/logo\/image\/"}}]}},"ticketed":false,"_links":{"self":[{"href":"https:\/\/aktuelles.uni-frankfurt.de\/en\/wp-json\/wp\/v2\/tribe_events\/87135","targetHints":{"allow":["GET"]}}],"collection":[{"href":"https:\/\/aktuelles.uni-frankfurt.de\/en\/wp-json\/wp\/v2\/tribe_events"}],"about":[{"href":"https:\/\/aktuelles.uni-frankfurt.de\/en\/wp-json\/wp\/v2\/types\/tribe_events"}],"author":[{"embeddable":true,"href":"https:\/\/aktuelles.uni-frankfurt.de\/en\/wp-json\/wp\/v2\/users\/38"}],"version-history":[{"count":0,"href":"https:\/\/aktuelles.uni-frankfurt.de\/en\/wp-json\/wp\/v2\/tribe_events\/87135\/revisions"}],"wp:attachment":[{"href":"https:\/\/aktuelles.uni-frankfurt.de\/en\/wp-json\/wp\/v2\/media?parent=87135"}],"wp:term":[{"taxonomy":"post_tag","embeddable":true,"href":"https:\/\/aktuelles.uni-frankfurt.de\/en\/wp-json\/wp\/v2\/tags?post=87135"},{"taxonomy":"tribe_events_cat","embeddable":true,"href":"https:\/\/aktuelles.uni-frankfurt.de\/en\/wp-json\/wp\/v2\/tribe_events_cat?post=87135"}],"curies":[{"name":"wp","href":"https:\/\/api.w.org\/{rel}","templated":true}]}}

<p><strong>Die leere Mitte<br />
</strong>Deutschland 1998. Regie: Hito Steyerl. 62 Min. digital<br />
<strong>Vorfilm: EZB</strong> (DE 2012. Regie: Sabine Schöbel)</p>
<p><strong>Filmreihe: Unsicheres Terrain? Blicke in verschwindende Landschaften</strong><br />
<strong>Einführung: Johanna Fieberling</strong></p>
<p>Über acht Jahre hinweg verfolgt Hito Steyerl die nach der Wende brachliegende Mitte Berlins und entfaltet ein dichtes Geflecht urbaner und politischer Transformationen von 1743 bis 1998. In Überblendungen aus Archivmaterial, Kommentar und Gegenwartsbildern überlagern sich Kolonialgeschichte, Migration, Architekturpolitik, Ausgrenzung und Gewalt. Sichtbar wird, wie sich Machtverhältnisse räumlich in die gebaute Umwelt einschreiben – und dass rassistische Übergriffe und fremdenfeindliche Politik Teil einer bis heute wirksamen Kontinuität sind.</p>
<p><em>Die Reihe “Unsicheres Terrain? Blicke in verschwindende Landschaften” begleitet die <a href="https://www.mggu.de/ausstellungen/solastalgie/" target="_blank" rel="noopener">Ausstellung “Solastalgie. Spaziergänge durch veränderte Landschaften” des Museum Giersch der Goethe-Universität</a>. Sie ist eine Kooperation des Masterstudiengangs „Filmkultur: Archivierung, Programmierung, Präsentation“, des MGGU und des DFF – Deutsches Filminstitut und Filmmuseum.</em></p>
<p>&nbsp;</p>
<p><strong>Ort: </strong>Kino des DFF – Deutsches Filminstitut &amp; Filmmuseum</p>
<p><strong>Anmeldung erforderlich? </strong>Nein</p>
<p><a href="http://dff.film/besuch/" target="_blank" rel="noopener">Weitere Informationen auf der Seite des DFF →</a></p>

<p>Die leere Mitte Deutschland 1998. Regie: Hito Steyerl. 62 Min. digital Vorfilm: EZB (DE 2012. Regie: Sabine Schöbel) Filmreihe: Unsicheres Terrain? Blicke in verschwindende Landschaften Einführung: Johanna Fieberling Über acht [&hellip;]</p>

<!-- This site is optimized with the Yoast SEO plugin v27.5 - https://yoast.com/product/yoast-seo-wordpress/ -->
<title>Filmvorstellung: Die leere Mitte | Aktuelles aus der Goethe-Universität Frankfurt</title>
<meta name="robots" content="index, follow, max-snippet:-1, max-image-preview:large, max-video-preview:-1" />
<link rel="canonical" href="https://aktuelles.uni-frankfurt.de/en/event/filmvorstellung-die-leere-mitte/" />
<meta property="og:locale" content="en_GB" />
<meta property="og:type" content="article" />
<meta property="og:title" content="Filmvorstellung: Die leere Mitte | Aktuelles aus der Goethe-Universität Frankfurt" />
<meta property="og:description" content="Die leere Mitte Deutschland 1998. Regie: Hito Steyerl. 62 Min. digital Vorfilm: EZB (DE 2012. Regie: Sabine Schöbel) Filmreihe: Unsicheres Terrain? Blicke in verschwindende Landschaften Einführung: Johanna Fieberling Über acht [&hellip;]" />
<meta property="og:url" content="https://aktuelles.uni-frankfurt.de/en/event/filmvorstellung-die-leere-mitte/" />
<meta property="og:site_name" content="Aktuelles aus der Goethe-Universität Frankfurt" />
<meta name="twitter:card" content="summary_large_image" />
<meta name="twitter:label1" content="Estimated reading time" />
	<meta name="twitter:data1" content="1 minute" />
<script type="application/ld+json" class="yoast-schema-graph">{"@context":"https:\/\/schema.org","@graph":[{"@type":"WebPage","@id":"https:\/\/aktuelles.uni-frankfurt.de\/event\/filmvorstellung-die-leere-mitte\/","url":"https:\/\/aktuelles.uni-frankfurt.de\/event\/filmvorstellung-die-leere-mitte\/","name":"Filmvorstellung: Die leere Mitte | Aktuelles aus der Goethe-Universität Frankfurt","isPartOf":{"@id":"https:\/\/aktuelles.uni-frankfurt.de\/#website"},"datePublished":"2026-01-19T14:22:45+00:00","breadcrumb":{"@id":"https:\/\/aktuelles.uni-frankfurt.de\/event\/filmvorstellung-die-leere-mitte\/#breadcrumb"},"inLanguage":"en-GB","potentialAction":[{"@type":"ReadAction","target":["https:\/\/aktuelles.uni-frankfurt.de\/event\/filmvorstellung-die-leere-mitte\/"]}]},{"@type":"BreadcrumbList","@id":"https:\/\/aktuelles.uni-frankfurt.de\/event\/filmvorstellung-die-leere-mitte\/#breadcrumb","itemListElement":[{"@type":"ListItem","position":1,"name":"Startseite","item":"https:\/\/aktuelles.uni-frankfurt.de\/"},{"@type":"ListItem","position":2,"name":"Veranstaltungen","item":"https:\/\/aktuelles.uni-frankfurt.de\/_events\/"},{"@type":"ListItem","position":3,"name":"Filmvorstellung: Die leere Mitte"}]},{"@type":"WebSite","@id":"https:\/\/aktuelles.uni-frankfurt.de\/#website","url":"https:\/\/aktuelles.uni-frankfurt.de\/","name":"Aktuelles aus der Goethe-Universität Frankfurt","description":"Aktuelles aus der Goethe-Universität | Neues aus Forschung, Lehre, Studium","publisher":{"@id":"https:\/\/aktuelles.uni-frankfurt.de\/#organization"},"potentialAction":[{"@type":"SearchAction","target":{"@type":"EntryPoint","urlTemplate":"https:\/\/aktuelles.uni-frankfurt.de\/?s={search_term_string}"},"query-input":{"@type":"PropertyValueSpecification","valueRequired":true,"valueName":"search_term_string"}}],"inLanguage":"en-GB"},{"@type":"Organization","@id":"https:\/\/aktuelles.uni-frankfurt.de\/#organization","name":"Goethe-Universität","url":"https:\/\/aktuelles.uni-frankfurt.de\/","logo":{"@type":"ImageObject","inLanguage":"en-GB","@id":"https:\/\/aktuelles.uni-frankfurt.de\/#\/schema\/logo\/image\/","url":"https:\/\/aktuelles.uni-frankfurt.de\/wp-content\/uploads\/2022\/03\/800px-Goethe-Logo.png","contentUrl":"https:\/\/aktuelles.uni-frankfurt.de\/wp-content\/uploads\/2022\/03\/800px-Goethe-Logo.png","width":800,"height":436,"caption":"Goethe-Universität"},"image":{"@id":"https:\/\/aktuelles.uni-frankfurt.de\/#\/schema\/logo\/image\/"}}]}</script>
<!-- / Yoast SEO plugin. -->

Filmvorstellung: Die leere Mitte | Aktuelles aus der Goethe-Universität Frankfurt

Die leere Mitte Deutschland 1998. Regie: Hito Steyerl. 62 Min. digital Vorfilm: EZB (DE 2012. Regie: Sabine Schöbel) Filmreihe: Unsicheres Terrain? Blicke in verschwindende Landschaften Einführung: Johanna Fieberling Über acht [&hellip;]

Aktuelles aus der Goethe-Universität Frankfurt

Aktuelles aus der Goethe-Universität | Neues aus Forschung, Lehre, Studium

Goethe-Universität
