{"id":87620,"date":"2026-03-05T08:29:00","date_gmt":"2026-03-05T07:29:00","guid":{"rendered":"https:\/\/aktuelles.uni-frankfurt.de\/?post_type=tribe_events&#038;p=87620"},"modified":"2026-03-05T08:30:45","modified_gmt":"2026-03-05T07:30:45","slug":"87620-netzwerktreffen-politischer-mediaevalismus-2026","status":"publish","type":"tribe_events","link":"https:\/\/aktuelles.uni-frankfurt.de\/en\/event\/87620-netzwerktreffen-politischer-mediaevalismus-2026\/","title":{"rendered":"Netzwerktreffen \u201ePolitischer Medi\u00e4valismus\u201c 2026"},"content":{"rendered":"<p>Die Zunahme extremistischer und populistischer Positionen im aktuellen politischen Diskurs l\u00e4sst auch die politischen Dimensionen der Geschichtswissenschaft erneut an Aktualit\u00e4t gewinnen. Gerade bez\u00fcglich des Mittelalters fallen momentan verst\u00e4rkte Versuche der Vereinnahmung von Erinnerungskultur auf, vor allem von Seiten rechtsextremer Netzwerke sowie teils islamistischer Gruppen. Obwohl die entsprechenden Mittelalterbilder keiner wissenschaftlichen \u00dcberpr\u00fcfung standhalten und ihren Zweck sehr deutlich in der Gegenwart finden, fordern sie diejenigen heraus, die sich professionell in Forschung, Lehre und Wissenschaftskommunikation mit der mittelalterlichen Vergangenheit besch\u00e4ftigen.<\/p>\n<p><strong>Wann?<\/strong> 19. M\u00e4rz 2026 | 14 &#8211; 19 Uhr<br \/>\n<strong>Wo?<\/strong> IG-Farben-Haus NG 1.741a oder online via Zoom<br \/>\n<a href=\"https:\/\/www.geschichte.uni-frankfurt.de\/183679606\/Plakat_Netzwerktreffen_entwurf3_pdf_pdf.pdf\">Zur Programm\u00fcbersicht<\/a><\/p>\n<p>Um aktuell laufende Auseinandersetzungen der Mittelalterforschung mit solchen Problematiken zu vernetzen, hat sich seit 2022 das Netzwerk \u201ePolitischer Medi\u00e4valismus\u201c formiert. Ziel des aktuellen Treffens ist die Vernetzung und der Austausch \u00fcber relevante Projekte und Planungen zum Thema der politischen Nutzung von Imaginarien des Mittelalters. Anwesend sind Mitglieder des Netzwerks und G\u00e4ste, die relevante Projekte vorstellen oder \u00fcber geplante Vorhaben sprechen wollen. Die Diskussion wird \u00fcber Zoom \u00fcbertragen und ist f\u00fcr alle Interessierten ge\u00f6ffnet.<\/p>\n<p>Wir bitten bei Interesse an der Teilnahme um kurze Anmeldung bei S. Kausch, \u00fcber <strong>s.kausch@em.uni-frankfurt.de<\/strong> (bitte <strong>bis 18.3.2026 mit Angabe, ob Zoom oder Pr\u00e4senzteilnahme<\/strong> gew\u00fcnscht ist).<\/p>","protected":false},"excerpt":{"rendered":"<p>Die Zunahme extremistischer und populistischer Positionen im aktuellen politischen Diskurs l\u00e4sst auch die politischen Dimensionen der Geschichtswissenschaft erneut an Aktualit\u00e4t gewinnen. Gerade bez\u00fcglich des Mittelalters fallen momentan verst\u00e4rkte Versuche der [&hellip;]<\/p>\n","protected":false},"author":30,"featured_media":0,"template":"","meta":{"_eb_attr":"","_price":"","_stock":"","_tribe_ticket_header":"","_tribe_default_ticket_provider":"","_ticket_start_date":"","_ticket_end_date":"","_tribe_ticket_show_description":"","_tribe_ticket_show_not_going":false,"_tribe_ticket_use_global_stock":"","_tribe_ticket_global_stock_level":"","_global_stock_mode":"","_global_stock_cap":"","_tribe_rsvp_for_event":"","_tribe_ticket_going_count":"","_tribe_ticket_not_going_count":"","_tribe_tickets_list":"[]","_tribe_ticket_has_attendee_info_fields":false,"_tribe_events_status":"","_tribe_events_status_reason":"","_tribe_events_is_hybrid":"","_tribe_events_is_virtual":"","_tribe_events_virtual_video_source":"","_tribe_events_virtual_embed_video":"","_tribe_events_virtual_linked_button_text":"","_tribe_events_virtual_linked_button":"","_tribe_events_virtual_show_embed_at":"","_tribe_events_virtual_show_embed_to":[],"_tribe_events_virtual_show_on_event":"","_tribe_events_virtual_show_on_views":"","_tribe_events_virtual_url":"","footnotes":"","_tec_slr_enabled":"","_tec_slr_layout":""},"tags":[],"tribe_events_cat":[127],"class_list":["post-87620","tribe_events","type-tribe_events","status-publish","hentry","tribe_events_cat-sonstiges","cat_sonstiges"],"yoast_head":"<!-- This site is optimized with the Yoast SEO plugin v27.5 - https:\/\/yoast.com\/product\/yoast-seo-wordpress\/ -->\n<title>Netzwerktreffen \u201ePolitischer Medi\u00e4valismus\u201c 2026 | Aktuelles aus der Goethe-Universit\u00e4t Frankfurt<\/title>\n<meta name=\"robots\" content=\"index, follow, max-snippet:-1, max-image-preview:large, max-video-preview:-1\" \/>\n<link rel=\"canonical\" href=\"https:\/\/aktuelles.uni-frankfurt.de\/en\/event\/87620-netzwerktreffen-politischer-mediaevalismus-2026\/\" \/>\n<meta property=\"og:locale\" content=\"en_GB\" \/>\n<meta property=\"og:type\" content=\"article\" \/>\n<meta property=\"og:title\" content=\"Netzwerktreffen \u201ePolitischer Medi\u00e4valismus\u201c 2026 | Aktuelles aus der Goethe-Universit\u00e4t Frankfurt\" \/>\n<meta property=\"og:description\" content=\"Die Zunahme extremistischer und populistischer Positionen im aktuellen politischen Diskurs l\u00e4sst auch die politischen Dimensionen der Geschichtswissenschaft erneut an Aktualit\u00e4t gewinnen. Gerade bez\u00fcglich des Mittelalters fallen momentan verst\u00e4rkte Versuche der [&hellip;]\" \/>\n<meta property=\"og:url\" content=\"https:\/\/aktuelles.uni-frankfurt.de\/en\/event\/87620-netzwerktreffen-politischer-mediaevalismus-2026\/\" \/>\n<meta property=\"og:site_name\" content=\"Aktuelles aus der Goethe-Universit\u00e4t Frankfurt\" \/>\n<meta property=\"article:modified_time\" content=\"2026-03-05T07:30:45+00:00\" \/>\n<meta name=\"twitter:card\" content=\"summary_large_image\" \/>\n<meta name=\"twitter:label1\" content=\"Estimated reading time\" \/>\n\t<meta name=\"twitter:data1\" content=\"1 minute\" \/>\n<script type=\"application\/ld+json\" class=\"yoast-schema-graph\">{\"@context\":\"https:\\\/\\\/schema.org\",\"@graph\":[{\"@type\":\"WebPage\",\"@id\":\"https:\\\/\\\/aktuelles.uni-frankfurt.de\\\/event\\\/87620-netzwerktreffen-politischer-mediaevalismus-2026\\\/\",\"url\":\"https:\\\/\\\/aktuelles.uni-frankfurt.de\\\/event\\\/87620-netzwerktreffen-politischer-mediaevalismus-2026\\\/\",\"name\":\"Netzwerktreffen \u201ePolitischer Medi\u00e4valismus\u201c 2026 | Aktuelles aus der Goethe-Universit\u00e4t Frankfurt\",\"isPartOf\":{\"@id\":\"https:\\\/\\\/aktuelles.uni-frankfurt.de\\\/#website\"},\"datePublished\":\"2026-03-05T07:29:00+00:00\",\"dateModified\":\"2026-03-05T07:30:45+00:00\",\"breadcrumb\":{\"@id\":\"https:\\\/\\\/aktuelles.uni-frankfurt.de\\\/event\\\/87620-netzwerktreffen-politischer-mediaevalismus-2026\\\/#breadcrumb\"},\"inLanguage\":\"en-GB\",\"potentialAction\":[{\"@type\":\"ReadAction\",\"target\":[\"https:\\\/\\\/aktuelles.uni-frankfurt.de\\\/event\\\/87620-netzwerktreffen-politischer-mediaevalismus-2026\\\/\"]}]},{\"@type\":\"BreadcrumbList\",\"@id\":\"https:\\\/\\\/aktuelles.uni-frankfurt.de\\\/event\\\/87620-netzwerktreffen-politischer-mediaevalismus-2026\\\/#breadcrumb\",\"itemListElement\":[{\"@type\":\"ListItem\",\"position\":1,\"name\":\"Startseite\",\"item\":\"https:\\\/\\\/aktuelles.uni-frankfurt.de\\\/\"},{\"@type\":\"ListItem\",\"position\":2,\"name\":\"Veranstaltungen\",\"item\":\"https:\\\/\\\/aktuelles.uni-frankfurt.de\\\/_events\\\/\"},{\"@type\":\"ListItem\",\"position\":3,\"name\":\"Netzwerktreffen \u201ePolitischer Medi\u00e4valismus\u201c 2026\"}]},{\"@type\":\"WebSite\",\"@id\":\"https:\\\/\\\/aktuelles.uni-frankfurt.de\\\/#website\",\"url\":\"https:\\\/\\\/aktuelles.uni-frankfurt.de\\\/\",\"name\":\"Aktuelles aus der Goethe-Universit\u00e4t Frankfurt\",\"description\":\"Aktuelles aus der Goethe-Universit\u00e4t | Neues aus Forschung, Lehre, Studium\",\"publisher\":{\"@id\":\"https:\\\/\\\/aktuelles.uni-frankfurt.de\\\/#organization\"},\"potentialAction\":[{\"@type\":\"SearchAction\",\"target\":{\"@type\":\"EntryPoint\",\"urlTemplate\":\"https:\\\/\\\/aktuelles.uni-frankfurt.de\\\/?s={search_term_string}\"},\"query-input\":{\"@type\":\"PropertyValueSpecification\",\"valueRequired\":true,\"valueName\":\"search_term_string\"}}],\"inLanguage\":\"en-GB\"},{\"@type\":\"Organization\",\"@id\":\"https:\\\/\\\/aktuelles.uni-frankfurt.de\\\/#organization\",\"name\":\"Goethe-Universit\u00e4t\",\"url\":\"https:\\\/\\\/aktuelles.uni-frankfurt.de\\\/\",\"logo\":{\"@type\":\"ImageObject\",\"inLanguage\":\"en-GB\",\"@id\":\"https:\\\/\\\/aktuelles.uni-frankfurt.de\\\/#\\\/schema\\\/logo\\\/image\\\/\",\"url\":\"https:\\\/\\\/aktuelles.uni-frankfurt.de\\\/wp-content\\\/uploads\\\/2022\\\/03\\\/800px-Goethe-Logo.png\",\"contentUrl\":\"https:\\\/\\\/aktuelles.uni-frankfurt.de\\\/wp-content\\\/uploads\\\/2022\\\/03\\\/800px-Goethe-Logo.png\",\"width\":800,\"height\":436,\"caption\":\"Goethe-Universit\u00e4t\"},\"image\":{\"@id\":\"https:\\\/\\\/aktuelles.uni-frankfurt.de\\\/#\\\/schema\\\/logo\\\/image\\\/\"}}]}<\/script>\n<!-- \/ Yoast SEO plugin. -->","yoast_head_json":{"title":"Netzwerktreffen \u201ePolitischer Medi\u00e4valismus\u201c 2026 | Aktuelles aus der Goethe-Universit\u00e4t Frankfurt","robots":{"index":"index","follow":"follow","max-snippet":"max-snippet:-1","max-image-preview":"max-image-preview:large","max-video-preview":"max-video-preview:-1"},"canonical":"https:\/\/aktuelles.uni-frankfurt.de\/en\/event\/87620-netzwerktreffen-politischer-mediaevalismus-2026\/","og_locale":"en_GB","og_type":"article","og_title":"Netzwerktreffen \u201ePolitischer Medi\u00e4valismus\u201c 2026 | Aktuelles aus der Goethe-Universit\u00e4t Frankfurt","og_description":"Die Zunahme extremistischer und populistischer Positionen im aktuellen politischen Diskurs l\u00e4sst auch die politischen Dimensionen der Geschichtswissenschaft erneut an Aktualit\u00e4t gewinnen. Gerade bez\u00fcglich des Mittelalters fallen momentan verst\u00e4rkte Versuche der [&hellip;]","og_url":"https:\/\/aktuelles.uni-frankfurt.de\/en\/event\/87620-netzwerktreffen-politischer-mediaevalismus-2026\/","og_site_name":"Aktuelles aus der Goethe-Universit\u00e4t Frankfurt","article_modified_time":"2026-03-05T07:30:45+00:00","twitter_card":"summary_large_image","twitter_misc":{"Estimated reading time":"1 minute"},"schema":{"@context":"https:\/\/schema.org","@graph":[{"@type":"WebPage","@id":"https:\/\/aktuelles.uni-frankfurt.de\/event\/87620-netzwerktreffen-politischer-mediaevalismus-2026\/","url":"https:\/\/aktuelles.uni-frankfurt.de\/event\/87620-netzwerktreffen-politischer-mediaevalismus-2026\/","name":"Netzwerktreffen \u201ePolitischer Medi\u00e4valismus\u201c 2026 | Aktuelles aus der Goethe-Universit\u00e4t Frankfurt","isPartOf":{"@id":"https:\/\/aktuelles.uni-frankfurt.de\/#website"},"datePublished":"2026-03-05T07:29:00+00:00","dateModified":"2026-03-05T07:30:45+00:00","breadcrumb":{"@id":"https:\/\/aktuelles.uni-frankfurt.de\/event\/87620-netzwerktreffen-politischer-mediaevalismus-2026\/#breadcrumb"},"inLanguage":"en-GB","potentialAction":[{"@type":"ReadAction","target":["https:\/\/aktuelles.uni-frankfurt.de\/event\/87620-netzwerktreffen-politischer-mediaevalismus-2026\/"]}]},{"@type":"BreadcrumbList","@id":"https:\/\/aktuelles.uni-frankfurt.de\/event\/87620-netzwerktreffen-politischer-mediaevalismus-2026\/#breadcrumb","itemListElement":[{"@type":"ListItem","position":1,"name":"Startseite","item":"https:\/\/aktuelles.uni-frankfurt.de\/"},{"@type":"ListItem","position":2,"name":"Veranstaltungen","item":"https:\/\/aktuelles.uni-frankfurt.de\/_events\/"},{"@type":"ListItem","position":3,"name":"Netzwerktreffen \u201ePolitischer Medi\u00e4valismus\u201c 2026"}]},{"@type":"WebSite","@id":"https:\/\/aktuelles.uni-frankfurt.de\/#website","url":"https:\/\/aktuelles.uni-frankfurt.de\/","name":"Aktuelles aus der Goethe-Universit\u00e4t Frankfurt","description":"Aktuelles aus der Goethe-Universit\u00e4t | Neues aus Forschung, Lehre, Studium","publisher":{"@id":"https:\/\/aktuelles.uni-frankfurt.de\/#organization"},"potentialAction":[{"@type":"SearchAction","target":{"@type":"EntryPoint","urlTemplate":"https:\/\/aktuelles.uni-frankfurt.de\/?s={search_term_string}"},"query-input":{"@type":"PropertyValueSpecification","valueRequired":true,"valueName":"search_term_string"}}],"inLanguage":"en-GB"},{"@type":"Organization","@id":"https:\/\/aktuelles.uni-frankfurt.de\/#organization","name":"Goethe University Frankfurt","url":"https:\/\/aktuelles.uni-frankfurt.de\/","logo":{"@type":"ImageObject","inLanguage":"en-GB","@id":"https:\/\/aktuelles.uni-frankfurt.de\/#\/schema\/logo\/image\/","url":"https:\/\/aktuelles.uni-frankfurt.de\/wp-content\/uploads\/2022\/03\/800px-Goethe-Logo.png","contentUrl":"https:\/\/aktuelles.uni-frankfurt.de\/wp-content\/uploads\/2022\/03\/800px-Goethe-Logo.png","width":800,"height":436,"caption":"Goethe-Universit\u00e4t"},"image":{"@id":"https:\/\/aktuelles.uni-frankfurt.de\/#\/schema\/logo\/image\/"}}]}},"ticketed":false,"_links":{"self":[{"href":"https:\/\/aktuelles.uni-frankfurt.de\/en\/wp-json\/wp\/v2\/tribe_events\/87620","targetHints":{"allow":["GET"]}}],"collection":[{"href":"https:\/\/aktuelles.uni-frankfurt.de\/en\/wp-json\/wp\/v2\/tribe_events"}],"about":[{"href":"https:\/\/aktuelles.uni-frankfurt.de\/en\/wp-json\/wp\/v2\/types\/tribe_events"}],"author":[{"embeddable":true,"href":"https:\/\/aktuelles.uni-frankfurt.de\/en\/wp-json\/wp\/v2\/users\/30"}],"version-history":[{"count":0,"href":"https:\/\/aktuelles.uni-frankfurt.de\/en\/wp-json\/wp\/v2\/tribe_events\/87620\/revisions"}],"wp:attachment":[{"href":"https:\/\/aktuelles.uni-frankfurt.de\/en\/wp-json\/wp\/v2\/media?parent=87620"}],"wp:term":[{"taxonomy":"post_tag","embeddable":true,"href":"https:\/\/aktuelles.uni-frankfurt.de\/en\/wp-json\/wp\/v2\/tags?post=87620"},{"taxonomy":"tribe_events_cat","embeddable":true,"href":"https:\/\/aktuelles.uni-frankfurt.de\/en\/wp-json\/wp\/v2\/tribe_events_cat?post=87620"}],"curies":[{"name":"wp","href":"https:\/\/api.w.org\/{rel}","templated":true}]}}

Netzwerktreffen „Politischer Mediävalismus“ 2026

<p>Die Zunahme extremistischer und populistischer Positionen im aktuellen politischen Diskurs lässt auch die politischen Dimensionen der Geschichtswissenschaft erneut an Aktualität gewinnen. Gerade bezüglich des Mittelalters fallen momentan verstärkte Versuche der Vereinnahmung von Erinnerungskultur auf, vor allem von Seiten rechtsextremer Netzwerke sowie teils islamistischer Gruppen. Obwohl die entsprechenden Mittelalterbilder keiner wissenschaftlichen Überprüfung standhalten und ihren Zweck sehr deutlich in der Gegenwart finden, fordern sie diejenigen heraus, die sich professionell in Forschung, Lehre und Wissenschaftskommunikation mit der mittelalterlichen Vergangenheit beschäftigen.</p>
<p><strong>Wann?</strong> 19. März 2026 | 14 &#8211; 19 Uhr<br />
<strong>Wo?</strong> IG-Farben-Haus NG 1.741a oder online via Zoom<br />
<a href="https://www.geschichte.uni-frankfurt.de/183679606/Plakat_Netzwerktreffen_entwurf3_pdf_pdf.pdf">Zur Programmübersicht</a></p>
<p>Um aktuell laufende Auseinandersetzungen der Mittelalterforschung mit solchen Problematiken zu vernetzen, hat sich seit 2022 das Netzwerk „Politischer Mediävalismus“ formiert. Ziel des aktuellen Treffens ist die Vernetzung und der Austausch über relevante Projekte und Planungen zum Thema der politischen Nutzung von Imaginarien des Mittelalters. Anwesend sind Mitglieder des Netzwerks und Gäste, die relevante Projekte vorstellen oder über geplante Vorhaben sprechen wollen. Die Diskussion wird über Zoom übertragen und ist für alle Interessierten geöffnet.</p>
<p>Wir bitten bei Interesse an der Teilnahme um kurze Anmeldung bei S. Kausch, über <strong>s.kausch@em.uni-frankfurt.de</strong> (bitte <strong>bis 18.3.2026 mit Angabe, ob Zoom oder Präsenzteilnahme</strong> gewünscht ist).</p>

<p>Die Zunahme extremistischer und populistischer Positionen im aktuellen politischen Diskurs lässt auch die politischen Dimensionen der Geschichtswissenschaft erneut an Aktualität gewinnen. Gerade bezüglich des Mittelalters fallen momentan verstärkte Versuche der [&hellip;]</p>

<!-- This site is optimized with the Yoast SEO plugin v27.5 - https://yoast.com/product/yoast-seo-wordpress/ -->
<title>Netzwerktreffen „Politischer Mediävalismus“ 2026 | Aktuelles aus der Goethe-Universität Frankfurt</title>
<meta name="robots" content="index, follow, max-snippet:-1, max-image-preview:large, max-video-preview:-1" />
<link rel="canonical" href="https://aktuelles.uni-frankfurt.de/en/event/87620-netzwerktreffen-politischer-mediaevalismus-2026/" />
<meta property="og:locale" content="en_GB" />
<meta property="og:type" content="article" />
<meta property="og:title" content="Netzwerktreffen „Politischer Mediävalismus“ 2026 | Aktuelles aus der Goethe-Universität Frankfurt" />
<meta property="og:description" content="Die Zunahme extremistischer und populistischer Positionen im aktuellen politischen Diskurs lässt auch die politischen Dimensionen der Geschichtswissenschaft erneut an Aktualität gewinnen. Gerade bezüglich des Mittelalters fallen momentan verstärkte Versuche der [&hellip;]" />
<meta property="og:url" content="https://aktuelles.uni-frankfurt.de/en/event/87620-netzwerktreffen-politischer-mediaevalismus-2026/" />
<meta property="og:site_name" content="Aktuelles aus der Goethe-Universität Frankfurt" />
<meta property="article:modified_time" content="2026-03-05T07:30:45+00:00" />
<meta name="twitter:card" content="summary_large_image" />
<meta name="twitter:label1" content="Estimated reading time" />
	<meta name="twitter:data1" content="1 minute" />
<script type="application/ld+json" class="yoast-schema-graph">{"@context":"https:\/\/schema.org","@graph":[{"@type":"WebPage","@id":"https:\/\/aktuelles.uni-frankfurt.de\/event\/87620-netzwerktreffen-politischer-mediaevalismus-2026\/","url":"https:\/\/aktuelles.uni-frankfurt.de\/event\/87620-netzwerktreffen-politischer-mediaevalismus-2026\/","name":"Netzwerktreffen „Politischer Mediävalismus“ 2026 | Aktuelles aus der Goethe-Universität Frankfurt","isPartOf":{"@id":"https:\/\/aktuelles.uni-frankfurt.de\/#website"},"datePublished":"2026-03-05T07:29:00+00:00","dateModified":"2026-03-05T07:30:45+00:00","breadcrumb":{"@id":"https:\/\/aktuelles.uni-frankfurt.de\/event\/87620-netzwerktreffen-politischer-mediaevalismus-2026\/#breadcrumb"},"inLanguage":"en-GB","potentialAction":[{"@type":"ReadAction","target":["https:\/\/aktuelles.uni-frankfurt.de\/event\/87620-netzwerktreffen-politischer-mediaevalismus-2026\/"]}]},{"@type":"BreadcrumbList","@id":"https:\/\/aktuelles.uni-frankfurt.de\/event\/87620-netzwerktreffen-politischer-mediaevalismus-2026\/#breadcrumb","itemListElement":[{"@type":"ListItem","position":1,"name":"Startseite","item":"https:\/\/aktuelles.uni-frankfurt.de\/"},{"@type":"ListItem","position":2,"name":"Veranstaltungen","item":"https:\/\/aktuelles.uni-frankfurt.de\/_events\/"},{"@type":"ListItem","position":3,"name":"Netzwerktreffen „Politischer Mediävalismus“ 2026"}]},{"@type":"WebSite","@id":"https:\/\/aktuelles.uni-frankfurt.de\/#website","url":"https:\/\/aktuelles.uni-frankfurt.de\/","name":"Aktuelles aus der Goethe-Universität Frankfurt","description":"Aktuelles aus der Goethe-Universität | Neues aus Forschung, Lehre, Studium","publisher":{"@id":"https:\/\/aktuelles.uni-frankfurt.de\/#organization"},"potentialAction":[{"@type":"SearchAction","target":{"@type":"EntryPoint","urlTemplate":"https:\/\/aktuelles.uni-frankfurt.de\/?s={search_term_string}"},"query-input":{"@type":"PropertyValueSpecification","valueRequired":true,"valueName":"search_term_string"}}],"inLanguage":"en-GB"},{"@type":"Organization","@id":"https:\/\/aktuelles.uni-frankfurt.de\/#organization","name":"Goethe-Universität","url":"https:\/\/aktuelles.uni-frankfurt.de\/","logo":{"@type":"ImageObject","inLanguage":"en-GB","@id":"https:\/\/aktuelles.uni-frankfurt.de\/#\/schema\/logo\/image\/","url":"https:\/\/aktuelles.uni-frankfurt.de\/wp-content\/uploads\/2022\/03\/800px-Goethe-Logo.png","contentUrl":"https:\/\/aktuelles.uni-frankfurt.de\/wp-content\/uploads\/2022\/03\/800px-Goethe-Logo.png","width":800,"height":436,"caption":"Goethe-Universität"},"image":{"@id":"https:\/\/aktuelles.uni-frankfurt.de\/#\/schema\/logo\/image\/"}}]}</script>
<!-- / Yoast SEO plugin. -->

Netzwerktreffen „Politischer Mediävalismus“ 2026 | Aktuelles aus der Goethe-Universität Frankfurt

Die Zunahme extremistischer und populistischer Positionen im aktuellen politischen Diskurs lässt auch die politischen Dimensionen der Geschichtswissenschaft erneut an Aktualität gewinnen. Gerade bezüglich des Mittelalters fallen momentan verstärkte Versuche der [&hellip;]

Aktuelles aus der Goethe-Universität Frankfurt

Aktuelles aus der Goethe-Universität | Neues aus Forschung, Lehre, Studium

Goethe-Universität
